000
CDUS41 KBOX 260540
CLIORH

CLIMATE REPORT
NATIONAL WEATHER SERVICE BOSTON/NORTON MA
140 AM EDT MON SEP 26 2022

...................................

...THE WORCESTER MA CLIMATE SUMMARY FOR SEPTEMBER 25 2022...

CLIMATE NORMAL PERIOD 1991 TO 2020
CLIMATE RECORD PERIOD 1892 TO 2022


WEATHER ITEM   OBSERVED TIME   RECORD YEAR NORMAL DEPARTURE LAST
                VALUE   (LST)  VALUE       VALUE  FROM      YEAR
                                                  NORMAL
...................................................................
TEMPERATURE (F)
 YESTERDAY
  MAXIMUM         64   1256 PM  85    1926  67     -3       73
                                      1970
                                      2017
  MINIMUM         47    245 AM  31    1928  50     -3       55
                                      1944
  AVERAGE         56                        58     -2       64

PRECIPITATION (IN)
  YESTERDAY        0.01          3.06 1991   0.14  -0.13     0.00
  MONTH TO DATE    5.92                      3.49   2.43     7.23
  SINCE SEP 1      5.92                      3.49   2.43     7.23
  SINCE JAN 1     33.42                     34.39  -0.97    44.47

SNOWFALL (IN)
  YESTERDAY       MM             0.0  2000   0.0   MM        0.0
                                      2001
                                      2002
  MONTH TO DATE    0.0                       0.0    0.0      0.0
  SINCE SEP 1      0.0                       0.0    0.0      0.0
  SINCE JUL 1      0.0                       0.0    0.0      0.0

DEGREE DAYS
 HEATING
  YESTERDAY        9                         7      2        1
  MONTH TO DATE   83                        99    -16       27
  SINCE SEP 1     83                        99    -16       27
  SINCE JUL 1     83                       131    -48       52

 COOLING
  YESTERDAY        0                         1     -1        0
  MONTH TO DATE   33                        45    -12       46
  SINCE SEP 1     33                        45    -12       46
  SINCE JAN 1    710                       496    214      649
...................................................................


WIND (MPH)
  RESULTANT WIND SPEED   8   RESULTANT WIND DIRECTION  SW (220)
  HIGHEST WIND SPEED    16   HIGHEST WIND DIRECTION    SW (210)
  HIGHEST GUST SPEED    22   HIGHEST GUST DIRECTION     S (200)
  AVERAGE WIND SPEED     8.9


SKY COVER
  POSSIBLE SUNSHINE  MM
  AVERAGE SKY COVER 0.3


WEATHER CONDITIONS
THE FOLLOWING WEATHER WAS RECORDED YESTERDAY.
  LIGHT RAIN


RELATIVE HUMIDITY (PERCENT)
 HIGHEST    97           700 PM
 LOWEST     65          1200 PM
 AVERAGE    81

..........................................................


THE WORCESTER MA CLIMATE NORMALS FOR TODAY
                         NORMAL    RECORD    YEAR
 MAXIMUM TEMPERATURE (F)   67        91      1930
 MINIMUM TEMPERATURE (F)   49        28      1925


SUNRISE AND SUNSET
SEPTEMBER 26 2022.....SUNRISE   639 AM EDT   SUNSET   638 PM EDT
SEPTEMBER 27 2022.....SUNRISE   640 AM EDT   SUNSET   636 PM EDT


-  INDICATES NEGATIVE NUMBERS.
R  INDICATES RECORD WAS SET OR TIED.
MM INDICATES DATA IS MISSING.
T  INDICATES TRACE AMOUNT.




$$
