000
CDUS46 KMFR 290835
CLIOTH

CLIMATE REPORT
NATIONAL WEATHER SERVICE MEDFORD, OR
135 AM PDT THU SEP 29 2022

...................................

...THE NORTH BEND OR CLIMATE SUMMARY FOR SEPTEMBER 28 2022...

CLIMATE NORMAL PERIOD 1991 TO 2020
CLIMATE RECORD PERIOD 1902 TO 2022


WEATHER ITEM   OBSERVED TIME   RECORD YEAR NORMAL DEPARTURE LAST
                VALUE   (LST)  VALUE       VALUE  FROM      YEAR
                                                  NORMAL
...................................................................
TEMPERATURE (F)
 YESTERDAY
  MAXIMUM         72        MM  94    2020  66      6       64
  MINIMUM         53        MM  34    1929  50      3       49
  AVERAGE         63                        58      5       57

PRECIPITATION (IN)
  YESTERDAY        0.12          2.05 1971   0.08   0.04     0.05
  MONTH TO DATE    0.37                      1.38  -1.01     3.21
  SINCE OCT 1     48.97                     58.97 -10.00    42.49
  SINCE JAN 1     24.51                     35.96 -11.45    25.45

SNOWFALL (IN)
  YESTERDAY       MM
  SNOW DEPTH      MM

DEGREE DAYS
 HEATING
  YESTERDAY        2                         8     -6        8
  MONTH TO DATE  125                       167    -42      149
  SINCE SEP 1    125                       167    -42      149
  SINCE JUL 1    340                       471   -131      449

 COOLING
  YESTERDAY        0                         0      0        0
  MONTH TO DATE    6                         0      6        0
  SINCE SEP 1      6                         0      6        0
  SINCE JAN 1      9                         3      6        1
...................................................................


WIND (MPH)
  HIGHEST WIND SPEED    20   HIGHEST WIND DIRECTION    SW (210)
  HIGHEST GUST SPEED    32   HIGHEST GUST DIRECTION     S (200)
  AVERAGE WIND SPEED    10.5


SKY COVER
  POSSIBLE SUNSHINE  MM
  AVERAGE SKY COVER 0.8


WEATHER CONDITIONS
THE FOLLOWING WEATHER WAS RECORDED YESTERDAY.
  LIGHT RAIN
  FOG


RELATIVE HUMIDITY (PERCENT)
 HIGHEST   100          1200 AM
 LOWEST     57           200 PM

..........................................................


THE NORTH BEND OR CLIMATE NORMALS FOR TODAY
                         NORMAL    RECORD    YEAR
 MAXIMUM TEMPERATURE (F)   66        82      1947
 MINIMUM TEMPERATURE (F)   49        34      2003


SUNRISE AND SUNSET
SEPTEMBER 29 2022.....SUNRISE   712 AM PDT   SUNSET   701 PM PDT
SEPTEMBER 30 2022.....SUNRISE   713 AM PDT   SUNSET   700 PM PDT


-  INDICATES NEGATIVE NUMBERS.
R  INDICATES RECORD WAS SET OR TIED.
MM INDICATES DATA IS MISSING.
T  INDICATES TRACE AMOUNT.




$$
