000
CDUS43 KDMX 060630
CLIOTM

CLIMATE REPORT
NATIONAL WEATHER SERVICE DES MOINES IA
130 AM CDT THU OCT 06 2022

...................................

...THE OTTUMWA IA CLIMATE SUMMARY FOR OCTOBER 5 2022...

CLIMATE NORMAL PERIOD 1991 TO 2020
CLIMATE RECORD PERIOD 1920 TO 2022


WEATHER ITEM   OBSERVED TIME   RECORD YEAR NORMAL DEPARTURE LAST
                VALUE   (LST)  VALUE       VALUE  FROM      YEAR
                                                  NORMAL
...................................................................
TEMPERATURE (F)
 YESTERDAY
  MAXIMUM         73    304 PM  93    1963  70      3       74
  MINIMUM         45    138 AM  31    1988  46     -1       58
                                      2004
  AVERAGE         59                        58      1       66

PRECIPITATION (IN)
  YESTERDAY        0.05          1.32 1954   0.10  -0.05     0.00
  MONTH TO DATE    0.05                      0.53  -0.48      T
  SINCE SEP 1      4.22                      4.03   0.19     1.03
  SINCE JAN 1     19.50                     31.16 -11.66    27.17

DEGREE DAYS
 HEATING
  YESTERDAY        6                         8     -2        0
  MONTH TO DATE   33                        38     -5        2
  SINCE SEP 1    112                       136    -24       25
  SINCE JUL 1    112                       145    -33       25

 COOLING
  YESTERDAY        0                         1     -1        1
  MONTH TO DATE    0                         5     -5       12
  SINCE SEP 1    133                       111     22      167
  SINCE JAN 1   1125                       974    151     1119
...................................................................


WIND (MPH)
  HIGHEST WIND SPEED    14   HIGHEST WIND DIRECTION    SE (140)
  HIGHEST GUST SPEED    17   HIGHEST GUST DIRECTION    SE (130)
  AVERAGE WIND SPEED     4.4


WEATHER CONDITIONS
THE FOLLOWING WEATHER WAS RECORDED YESTERDAY.
  THUNDERSTORM
  LIGHT RAIN


RELATIVE HUMIDITY (PERCENT)
 HIGHEST    89           900 PM
 LOWEST     50           300 PM
 AVERAGE    70

..........................................................


THE OTTUMWA IA CLIMATE NORMALS FOR TODAY
                         NORMAL    RECORD    YEAR
 MAXIMUM TEMPERATURE (F)   69        92      1963
 MINIMUM TEMPERATURE (F)   46        22      1935


SUNRISE AND SUNSET
OCTOBER  6 2022.......SUNRISE   712 AM CDT   SUNSET   643 PM CDT
OCTOBER  7 2022.......SUNRISE   713 AM CDT   SUNSET   642 PM CDT


-  INDICATES NEGATIVE NUMBERS.
R  INDICATES RECORD WAS SET OR TIED.
MM INDICATES DATA IS MISSING.
T  INDICATES TRACE AMOUNT.




$$
