000
CDAK49 PAFG 260954
CLIOTZ

CLIMATE REPORT
NATIONAL WEATHER SERVICE FAIRBANKS AK
154 AM AKDT MON SEP 26 2022


...THE KOTZEBUE AK CLIMATE SUMMARY FOR SEPTEMBER 25 2022...

CLIMATE NORMAL PERIOD 1991 TO 2020
CLIMATE RECORD PERIOD 1920 TO 2022


WEATHER ITEM   OBSERVED TIME   RECORD YEAR NORMAL DEPARTURE LAST
                VALUE   (LST)  VALUE       VALUE  FROM      YEAR
                                                  NORMAL
...................................................................
TEMPERATURE (F)
 YESTERDAY
  MAXIMUM         47    543 PM  54    1929  44      3       40
                                      1984
  MINIMUM         38    606 AM  18    1992  36      2       29
  AVERAGE         43                        40      3       35

PRECIPITATION (IN)
  YESTERDAY        T             0.44 2021   0.05  -0.05     0.44
  MONTH TO DATE    1.35                      1.20   0.15     2.07
  SINCE SEP 1      1.35                      1.20   0.15     2.07
  SINCE JAN 1      8.48                      8.52  -0.04    12.34

DEGREE DAYS
 HEATING
  YESTERDAY       22                        25     -3       30
  MONTH TO DATE  460                       488    -28      560
  SINCE SEP 1    460                       488    -28      560
  SINCE JUL 1   1344                      1117    227     1390

 COOLING
  YESTERDAY        0                         0      0        0
  MONTH TO DATE    0                         0      0        0
  SINCE SEP 1      0                         0      0        0
  SINCE JAN 1      0                         9     -9        6
...................................................................


WIND (MPH)
  HIGHEST GUST SPEED    21   HIGHEST GUST DIRECTION     E (100)


SKY COVER
  AVERAGE SKY COVER 0.8


WEATHER CONDITIONS
THE FOLLOWING WEATHER WAS RECORDED YESTERDAY.
  LIGHT RAIN


RELATIVE HUMIDITY (PERCENT)
 HIGHEST   100
 LOWEST     68
 AVERAGE    84

..........................................................


THE KOTZEBUE AK CLIMATE NORMALS FOR TODAY
                         NORMAL    RECORD    YEAR
 MAXIMUM TEMPERATURE (F)   44        56      1966
 MINIMUM TEMPERATURE (F)   35        20      1948


SUNRISE AND SUNSET
SEPTEMBER 26 2022.....SUNRISE   847 AM AKDT  SUNSET   835 PM AKDT
SEPTEMBER 27 2022.....SUNRISE   850 AM AKDT  SUNSET   831 PM AKDT

-  INDICATES NEGATIVE NUMBERS.
R  INDICATES RECORD WAS SET OR TIED.
MM INDICATES DATA IS MISSING.
T  INDICATES TRACE AMOUNT.

&&

----------------------------
AVAILABLE DAYLIGHT

AMOUNT OF DAYLIGHT TODAY  (HOUR:MIN)........11:48
GAIN/LOSS SINCE YESTERDAY (HOUR:MIN:SEC)....-0:07:18
----------------------------

$$
SEP 22
