000
CDUS43 KDDC 020706
CLIP28

CLIMATE REPORT
NATIONAL WEATHER SERVICE DODGE CITY, KANSAS
206 AM CDT SUN OCT 02 2022

...................................

...THE MEDICINE LODGE KS CLIMATE SUMMARY FOR OCTOBER 1 2022...

CLIMATE NORMAL PERIOD 1991 TO 2020
CLIMATE RECORD PERIOD 1893 TO 2022


WEATHER ITEM   OBSERVED TIME   RECORD YEAR NORMAL DEPARTURE LAST
                VALUE   (LST)  VALUE       VALUE  FROM      YEAR
                                                  NORMAL
...................................................................
TEMPERATURE (F)
 YESTERDAY
  MAXIMUM         86    345 PM  97    1979  78      8       76
  MINIMUM         56    437 AM  32    1958  52      4       55
  AVERAGE         71                        65      6       66

PRECIPITATION (IN)
  YESTERDAY        0.00          2.40 1959   0.10  -0.10     0.00
  MONTH TO DATE    0.00                      0.10  -0.10     0.00
  SINCE SEP 1      0.47                      2.71  -2.24     2.08
  SINCE JAN 1     16.49                     23.22  -6.73    15.66

DEGREE DAYS
 HEATING
  YESTERDAY        0                         3     -3        0
  MONTH TO DATE    0                         3     -3        0
  SINCE SEP 1      9                        34    -25        4
  SINCE JUL 1      9                        34    -25        4

 COOLING
  YESTERDAY        6                         4      2        1
  MONTH TO DATE    6                         4      2        1
  SINCE SEP 1    324                       238     86      351
  SINCE JAN 1   2170                      1782    388     1886
...................................................................


WIND (MPH)
  HIGHEST WIND SPEED    15   HIGHEST WIND DIRECTION     S (170)
  HIGHEST GUST SPEED    25   HIGHEST GUST DIRECTION    SE (120)
  AVERAGE WIND SPEED     6.5


RELATIVE HUMIDITY (PERCENT)
 HIGHEST    51           500 AM
 LOWEST     22           500 PM
 AVERAGE    37

..........................................................


THE MEDICINE LODGE KS CLIMATE NORMALS FOR TODAY
                         NORMAL    RECORD    YEAR
 MAXIMUM TEMPERATURE (F)   78        97      1919
                                             2006
 MINIMUM TEMPERATURE (F)   52        33      1975


SUNRISE AND SUNSET
OCTOBER  2 2022.......SUNRISE   731 AM CDT   SUNSET   716 PM CDT
OCTOBER  3 2022.......SUNRISE   732 AM CDT   SUNSET   714 PM CDT


-  INDICATES NEGATIVE NUMBERS.
R  INDICATES RECORD WAS SET OR TIED.
MM INDICATES DATA IS MISSING.
T  INDICATES TRACE AMOUNT.




$$
