000
CDUS45 KLKN 060945
CLIP68

CLIMATE REPORT
NATIONAL WEATHER SERVICE ELKO, NV
245 AM PDT THU OCT 06 2022

...................................

...THE EUREKA AIRPORT NV CLIMATE SUMMARY FOR OCTOBER 5 2022...

CLIMATE NORMAL PERIOD 1991 TO 2020
CLIMATE RECORD PERIOD 1963 TO 2022


WEATHER ITEM   OBSERVED TIME   RECORD YEAR NORMAL DEPARTURE LAST
                VALUE   (LST)  VALUE       VALUE  FROM      YEAR
                                                  NORMAL
...................................................................
TEMPERATURE (F)
 YESTERDAY
  MAXIMUM         76    249 PM  82    2020  69      7       75
  MINIMUM         32    457 AM  10    1969  33     -1       40
  AVERAGE         54                        51      3       58

PRECIPITATION (IN)
  YESTERDAY        0.00          0.43 2011   0.02  -0.02     0.00
  MONTH TO DATE    0.00                      0.10  -0.10     0.00
  SINCE OCT 1      0.00                      0.10  -0.10     0.00
  SINCE JAN 1      5.65                      7.21  -1.56     6.87

DEGREE DAYS
 HEATING
  YESTERDAY       11                        14     -3        7
  MONTH TO DATE   57                        66     -9       48
  SINCE SEP 1    169                       260    -91      206
  SINCE JUL 1    169                       295   -126      234

 COOLING
  YESTERDAY        0                         0      0        0
  MONTH TO DATE    0                         0      0        0
  SINCE SEP 1     89                        19     70       42
  SINCE JAN 1    580                       356    224      614
...................................................................


WIND (MPH)
  HIGHEST WIND SPEED    13   HIGHEST WIND DIRECTION    NE (30)
  HIGHEST GUST SPEED    22   HIGHEST GUST DIRECTION     N (20)
  AVERAGE WIND SPEED     4.8


RELATIVE HUMIDITY (PERCENT)
 HIGHEST    58           500 AM
 LOWEST     13           400 PM
 AVERAGE    36

..........................................................


THE EUREKA AIRPORT NV CLIMATE NORMALS FOR TODAY
                         NORMAL    RECORD    YEAR
 MAXIMUM TEMPERATURE (F)   69        91      1980
 MINIMUM TEMPERATURE (F)   32        10      1969


SUNRISE AND SUNSET
OCTOBER  6 2022.......SUNRISE   645 AM PDT   SUNSET   618 PM PDT
OCTOBER  7 2022.......SUNRISE   646 AM PDT   SUNSET   617 PM PDT


-  INDICATES NEGATIVE NUMBERS.
R  INDICATES RECORD WAS SET OR TIED.
MM INDICATES DATA IS MISSING.
T  INDICATES TRACE AMOUNT.




$$
