000
CDUS43 KPAH 260626
CLIPAH

CLIMATE REPORT
NATIONAL WEATHER SERVICE PADUCAH KY
126 AM CDT MON SEP 26 2022

...................................

...THE PADUCAH KY CLIMATE SUMMARY FOR SEPTEMBER 25 2022...

CLIMATE NORMAL PERIOD 1991 TO 2020
CLIMATE RECORD PERIOD 1937 TO 2022


WEATHER ITEM   OBSERVED TIME   RECORD YEAR NORMAL DEPARTURE LAST
                VALUE   (LST)  VALUE       VALUE  FROM      YEAR
                                                  NORMAL
...................................................................
TEMPERATURE (F)
 YESTERDAY
  MAXIMUM         84    302 PM  94    1939  80      4       78
  MINIMUM         54   1143 PM  38    1950  55     -1       51
  AVERAGE         69                        68      1       65

PRECIPITATION (IN)
  YESTERDAY        0.00          3.38 2011   0.13  -0.13     0.01
  MONTH TO DATE    0.66                      2.88  -2.22     3.79
  SINCE SEP 1      0.66                      2.88  -2.22     3.79
  SINCE JAN 1     36.72                     37.27  -0.55    40.16

SNOWFALL (IN)
  YESTERDAY        0.0           0.0    MM   0.0    0.0      0.0
  MONTH TO DATE    0.0                       0.0    0.0      0.0
  SINCE SEP 1      0.0                       0.0    0.0      0.0
  SINCE JUL 1      0.0                       0.0    0.0      0.0
  SNOW DEPTH       0

DEGREE DAYS
 HEATING
  YESTERDAY        0                         2     -2        0
  MONTH TO DATE    1                        14    -13        8
  SINCE SEP 1      1                        14    -13        8
  SINCE JUL 1      1                        14    -13        8

 COOLING
  YESTERDAY        4                         4      0        0
  MONTH TO DATE  232                       189     43      192
  SINCE SEP 1    232                       189     43      192
  SINCE JAN 1   1798                      1609    189     1593
...................................................................


WIND (MPH)
  HIGHEST WIND SPEED    17   HIGHEST WIND DIRECTION    NW (310)
  HIGHEST GUST SPEED    27   HIGHEST GUST DIRECTION    NW (330)
  AVERAGE WIND SPEED     5.3


SKY COVER
  POSSIBLE SUNSHINE  MM
  AVERAGE SKY COVER 0.0


WEATHER CONDITIONS
THE FOLLOWING WEATHER WAS RECORDED YESTERDAY.
  NO SIGNIFICANT WEATHER WAS OBSERVED.


RELATIVE HUMIDITY (PERCENT)
 HIGHEST    87          1200 AM
 LOWEST     25           400 PM
 AVERAGE    56

..........................................................


THE PADUCAH KY CLIMATE NORMALS FOR TODAY
                         NORMAL    RECORD    YEAR
 MAXIMUM TEMPERATURE (F)   80        94      1939
 MINIMUM TEMPERATURE (F)   55        37      2001


SUNRISE AND SUNSET
SEPTEMBER 26 2022.....SUNRISE   646 AM CDT   SUNSET   646 PM CDT
SEPTEMBER 27 2022.....SUNRISE   647 AM CDT   SUNSET   644 PM CDT


-  INDICATES NEGATIVE NUMBERS.
R  INDICATES RECORD WAS SET OR TIED.
MM INDICATES DATA IS MISSING.
T  INDICATES TRACE AMOUNT.




$$
