000
CDUS41 KBTV 010530
CLIPBG

CLIMATE REPORT
NATIONAL WEATHER SERVICE BURLINGTON VT
130 AM EDT SAT OCT 01 2022

...................................

...THE PLATTSBURGH NY CLIMATE SUMMARY FOR SEPTEMBER 30 2022...

CLIMATE NORMAL PERIOD: 1991 TO 2020
CLIMATE RECORD PERIOD: 1945 TO 2022


WEATHER ITEM   OBSERVED TIME   RECORD YEAR NORMAL DEPARTURE LAST
                VALUE   (LST)  VALUE       VALUE  FROM      YEAR
                                                  NORMAL
...................................................................
TEMPERATURE (F)
 YESTERDAY
  MAXIMUM         61   2:34 PM  80    1959  64     -3       61
  MINIMUM         33   6:05 AM  29    1991  44    -11       47
  AVERAGE         47                        54     -7       54

PRECIPITATION (IN)
  YESTERDAY        0.00          1.53 1946   0.10  -0.10     0.02
  MONTH TO DATE    2.78                      3.11  -0.33     3.25
  SINCE SEP 1      2.78                      3.11  -0.33     3.25
  SINCE JAN 1     21.31                     23.76  -2.45    17.91

DEGREE DAYS
 HEATING
  YESTERDAY       18                        11      7       11
  MONTH TO DATE  176                       194    -18      112
  SINCE SEP 1    176                       194    -18      112
  SINCE JUL 1    193                       235    -42      154

 COOLING
  YESTERDAY        0                         0      0        0
  MONTH TO DATE   19                        35    -16       21
  SINCE SEP 1     19                        35    -16       21
  SINCE JAN 1    421                       392     29      527
...................................................................


WIND (MPH)
  HIGHEST WIND SPEED     8   HIGHEST WIND DIRECTION     E (110)
  HIGHEST GUST SPEED    11   HIGHEST GUST DIRECTION    SE (120)
  AVERAGE WIND SPEED     1.3


SKY COVER
  AVERAGE SKY COVER 0.0


WEATHER CONDITIONS
THE FOLLOWING WEATHER WAS RECORDED YESTERDAY.
  NO SIGNIFICANT WEATHER WAS OBSERVED.


RELATIVE HUMIDITY (PERCENT)
 HIGHEST    96           1:00 AM
 LOWEST     45           4:00 PM
 AVERAGE    71

..........................................................


THE PLATTSBURGH NY CLIMATE NORMALS FOR TODAY
                         NORMAL    RECORD    YEAR
 MAXIMUM TEMPERATURE (F)   64        83      1968
                                             2002
 MINIMUM TEMPERATURE (F)   44        27      1993


SUNRISE AND SUNSET
OCTOBER  1 2022.......SUNRISE   6:52 AM EDT   SUNSET   6:34 PM EDT
OCTOBER  2 2022.......SUNRISE   6:53 AM EDT   SUNSET   6:33 PM EDT


-  INDICATES NEGATIVE NUMBERS.
R  INDICATES RECORD WAS SET OR TIED.
MM INDICATES DATA IS MISSING.
T  INDICATES TRACE AMOUNT.




$$
