000
CDUS42 KMFL 052023
CLIPBI

CLIMATE REPORT
NATIONAL WEATHER SERVICE MIAMI, FL
423 PM EDT WED OCT 05 2022

...................................

...THE WEST PALM BEACH CLIMATE SUMMARY FOR OCTOBER 5 2022...
VALID TODAY AS OF 0400 PM LOCAL TIME.

CLIMATE NORMAL PERIOD: 1991 TO 2020
CLIMATE RECORD PERIOD: 1888 TO 2022


WEATHER ITEM   OBSERVED TIME   RECORD YEAR NORMAL DEPARTURE LAST
                VALUE   (LST)  VALUE       VALUE  FROM      YEAR
                                                  NORMAL
...................................................................
TEMPERATURE (F)
 TODAY
  MAXIMUM         85  12:50 PM  92    1964  86     -1       89
  MINIMUM         69   6:41 AM  63    1897  75     -6       74
  AVERAGE         77                        80     -3       82

PRECIPITATION (IN)
  TODAY            0.00          7.10 1948   0.22  -0.22     0.00
  MONTH TO DATE    0.00                      1.11  -1.11     0.52
  SINCE JUN 1     26.00                     31.86  -5.86    29.57
  SINCE JAN 1     41.21                     49.86  -8.65    36.94

SNOWFALL (IN)
  TODAY            0.0
  MONTH TO DATE    0.0
  SINCE SEP 1      0.0
  SINCE JUL 1      0.0
  SNOW DEPTH       0

DEGREE DAYS
 HEATING
  TODAY            0                         0      0        0
  MONTH TO DATE    0                         0      0        0
  SINCE SEP 1      0                         0      0        0
  SINCE JUL 1      0                         0      0        0

 COOLING
  TODAY           12                        16     -4       17
  MONTH TO DATE   68                        80    -12       84
  SINCE SEP 1    605                       587     18      614
  SINCE JAN 1   3933                      3398    535     3880
...................................................................


WIND (MPH)
  HIGHEST WIND SPEED    17   HIGHEST WIND DIRECTION    NE (50)
  HIGHEST GUST SPEED    23   HIGHEST GUST DIRECTION    NE (50)
  AVERAGE WIND SPEED     8.8


SKY COVER
  AVERAGE SKY COVER 0.4


WEATHER CONDITIONS
THE FOLLOWING WEATHER WAS RECORDED TODAY.
  NO SIGNIFICANT WEATHER WAS OBSERVED.


RELATIVE HUMIDITY (PERCENT)
 HIGHEST    93
 LOWEST     51
 AVERAGE    72

..........................................................


THE WEST PALM BEACH CLIMATE NORMALS FOR TOMORROW
                         NORMAL    RECORD    YEAR
 MAXIMUM TEMPERATURE (F)   86        95      1906
 MINIMUM TEMPERATURE (F)   75        63      1992


SUNRISE AND SUNSET
OCTOBER  5 2022.......SUNRISE   7:15 AM EDT   SUNSET   7:02 PM EDT
OCTOBER  6 2022.......SUNRISE   7:15 AM EDT   SUNSET   7:01 PM EDT


-  INDICATES NEGATIVE NUMBERS.
R  INDICATES RECORD WAS SET OR TIED.
MM INDICATES DATA IS MISSING.
T  INDICATES TRACE AMOUNT.




$$
