000
CDUS42 KFFC 060817
CLIPDK

CLIMATE REPORT
NATIONAL WEATHER SERVICE PEACHTREE CITY GA
417 AM EDT THU OCT 06 2022

...................................

...THE DEKALB PEACHTREE AIRPORT CLIMATE SUMMARY FOR OCTOBER 5 2022...

CLIMATE NORMAL PERIOD: 1991 TO 2020
CLIMATE RECORD PERIOD: 9999 TO 9999


WEATHER ITEM   OBSERVED TIME   RECORD YEAR NORMAL DEPARTURE LAST
                VALUE   (LST)  VALUE       VALUE  FROM      YEAR
                                                  NORMAL
...................................................................
TEMPERATURE (F)
 YESTERDAY
  MAXIMUM         77   3:14 PM  MM      MM  77      0       70
  MINIMUM         41   6:17 AM  MM      MM  56    -15       65
  AVERAGE         59                        66     -7       68

PRECIPITATION (IN)
  YESTERDAY        0.00         MM      MM   0.13  -0.13     1.25
  MONTH TO DATE    0.00                      0.66  -0.66     1.57
  SINCE SEP 1      1.23                      4.78  -3.55     4.16
  SINCE JAN 1     38.07                     40.13  -2.06    44.78

SNOWFALL (IN)
  YESTERDAY       MM            MM      MM  MM     MM       MM
  MONTH TO DATE   MM                         0.0   MM       MM
  SINCE SEP 1      0.0                      MM     MM        0.0
  SINCE JUL 1      0.0                      MM     MM        0.0
  SNOW DEPTH      MM

DEGREE DAYS
 HEATING
  YESTERDAY        6                         2      4        0
  MONTH TO DATE   13                         9      4        0
  SINCE SEP 1     32                        19     13        4
  SINCE JUL 1     32                        19     13        4

 COOLING
  YESTERDAY        0                         3     -3        3
  MONTH TO DATE    0                        18    -18       34
  SINCE SEP 1    215                       263    -48      262
  SINCE JAN 1   1831                      1693    138     1649
...................................................................


WIND (MPH)
  RESULTANT WIND SPEED   2   RESULTANT WIND DIRECTION  NW (330)
  HIGHEST WIND SPEED    13   HIGHEST WIND DIRECTION     N (350)
  HIGHEST GUST SPEED    20   HIGHEST GUST DIRECTION     N (340)
  AVERAGE WIND SPEED     3.2


SKY COVER
  AVERAGE SKY COVER 0.0


WEATHER CONDITIONS
THE FOLLOWING WEATHER WAS RECORDED YESTERDAY.
  NO SIGNIFICANT WEATHER WAS OBSERVED.


RELATIVE HUMIDITY (PERCENT)
 HIGHEST   100           2:00 AM
 LOWEST     23           2:00 PM
 AVERAGE    62

..........................................................


THE DEKALB PEACHTREE AIRPORT CLIMATE NORMALS FOR TODAY
                         NORMAL    RECORD    YEAR
 MAXIMUM TEMPERATURE (F)   77        MM        MM
 MINIMUM TEMPERATURE (F)   55        MM        MM


SUNRISE AND SUNSET
OCTOBER  6 2022.......SUNRISE   7:35 AM EDT   SUNSET   7:15 PM EDT
OCTOBER  7 2022.......SUNRISE   7:36 AM EDT   SUNSET   7:13 PM EDT


-  INDICATES NEGATIVE NUMBERS.
R  INDICATES RECORD WAS SET OR TIED.
MM INDICATES DATA IS MISSING.
T  INDICATES TRACE AMOUNT.




$$
