000
CDUS46 KPDT 290836
CLIPDT

CLIMATE REPORT
NATIONAL WEATHER SERVICE PENDLETON, OR
136 AM PDT THU SEP 29 2022

...................................

...THE PENDLETON OR CLIMATE SUMMARY FOR SEPTEMBER 28 2022...

CLIMATE NORMAL PERIOD 1991 TO 2020
CLIMATE RECORD PERIOD 1890 TO 2022


WEATHER ITEM   OBSERVED TIME   RECORD YEAR NORMAL DEPARTURE LAST
                VALUE   (LST)  VALUE       VALUE  FROM      YEAR
                                                  NORMAL
...................................................................
TEMPERATURE (F)
 YESTERDAY
  MAXIMUM         81   1205 PM  92    1918  73      8       65
  MINIMUM         56    554 AM  27    1911  45     11       48
  AVERAGE         69                        59     10       57

PRECIPITATION (IN)
  YESTERDAY        T             0.55 1927   0.02  -0.02     0.00
  MONTH TO DATE    0.07                      0.48  -0.41     0.62
  SINCE OCT 1     15.63                     12.78   2.85     9.44
  SINCE JAN 1     11.24                      8.80   2.44     4.99

SNOWFALL (IN)
  YESTERDAY        0.0           0.0  1999   0.0    0.0      0.0
                                      2001
                                      2002
  MONTH TO DATE    0.0                       0.0    0.0      0.0
  SINCE SEP 1      0.0                       0.0    0.0      0.0
  SINCE JUL 1      0.0                       0.0    0.0      0.0
  SNOW DEPTH       0

DEGREE DAYS
 HEATING
  YESTERDAY        0                         6     -6        8
  MONTH TO DATE   27                        92    -65       74
  SINCE SEP 1     27                        92    -65       74
  SINCE JUL 1     27                       113    -86       87

 COOLING
  YESTERDAY        4                         1      3        0
  MONTH TO DATE  101                        62     39       53
  SINCE SEP 1    101                        62     39       53
  SINCE JAN 1    985                       634    351     1003
...................................................................


WIND (MPH)
  HIGHEST WIND SPEED    21   HIGHEST WIND DIRECTION     W (290)
  HIGHEST GUST SPEED    24   HIGHEST GUST DIRECTION     W (260)
  AVERAGE WIND SPEED     9.5


SKY COVER
  POSSIBLE SUNSHINE  MM
  AVERAGE SKY COVER 0.1


WEATHER CONDITIONS
THE FOLLOWING WEATHER WAS RECORDED YESTERDAY.
  HAZE


RELATIVE HUMIDITY (PERCENT)
 HIGHEST    54          1000 PM
 LOWEST     24          1200 PM
 AVERAGE    39

..........................................................


THE PENDLETON OR CLIMATE NORMALS FOR TODAY
                         NORMAL    RECORD    YEAR
 MAXIMUM TEMPERATURE (F)   72        93      1932
 MINIMUM TEMPERATURE (F)   45        28      1911
                                             1919


SUNRISE AND SUNSET
SEPTEMBER 29 2022.....SUNRISE   651 AM PDT   SUNSET   639 PM PDT
SEPTEMBER 30 2022.....SUNRISE   653 AM PDT   SUNSET   637 PM PDT


-  INDICATES NEGATIVE NUMBERS.
R  INDICATES RECORD WAS SET OR TIED.
MM INDICATES DATA IS MISSING.
T  INDICATES TRACE AMOUNT.




$$
