000
CDUS41 KPBZ 260540
CLIPHD

CLIMATE REPORT
NATIONAL WEATHER SERVICE PITTSBURGH PA
140 AM EDT MON SEP 26 2022

...................................

...THE NEW PHILADELPHIA OH CLIMATE SUMMARY FOR SEPTEMBER 25 2022...

CLIMATE NORMAL PERIOD 1991 TO 2020
CLIMATE RECORD PERIOD 1948 TO 2022


WEATHER ITEM   OBSERVED TIME   RECORD YEAR NORMAL DEPARTURE LAST
                VALUE   (LST)  VALUE       VALUE  FROM      YEAR
                                                  NORMAL
...................................................................
TEMPERATURE (F)
 YESTERDAY
  MAXIMUM         72   1159 AM  91    2007  73     -1       68
                                      2017
  MINIMUM         56   1201 AM  31    1963  50      6       47
                                      1974
  AVERAGE         64                        62      2       58

PRECIPITATION (IN)
  YESTERDAY        0.26          0.72 1986   0.09   0.17     0.00
  MONTH TO DATE    3.20                      2.50   0.70     2.44
  SINCE SEP 1      3.20                      2.50   0.70     2.44
  SINCE JAN 1     32.31                     29.61   2.70    25.86

DEGREE DAYS
 HEATING
  YESTERDAY        1                         5     -4        7
  MONTH TO DATE   35                        62    -27       27
  SINCE SEP 1     35                        62    -27       27
  SINCE JUL 1     36                        73    -37       27

 COOLING
  YESTERDAY        0                         2     -2        0
  MONTH TO DATE   93                        75     18       92
  SINCE SEP 1     93                        75     18       92
  SINCE JAN 1    903                       761    142      932
...................................................................


WIND (MPH)
  HIGHEST WIND SPEED    17   HIGHEST WIND DIRECTION     W (280)
  HIGHEST GUST SPEED    27   HIGHEST GUST DIRECTION     W (260)
  AVERAGE WIND SPEED     7.2


SKY COVER
  POSSIBLE SUNSHINE  MM
  AVERAGE SKY COVER 0.7


WEATHER CONDITIONS
THE FOLLOWING WEATHER WAS RECORDED YESTERDAY.
  THUNDERSTORM
  RAIN
  LIGHT RAIN
  FOG


RELATIVE HUMIDITY (PERCENT)
 HIGHEST    93           800 PM
 LOWEST     53           100 PM
 AVERAGE    73

..........................................................


THE NEW PHILADELPHIA OH CLIMATE NORMALS FOR TODAY
                         NORMAL    RECORD    YEAR
 MAXIMUM TEMPERATURE (F)   73        93      2017
 MINIMUM TEMPERATURE (F)   50        32      1963


SUNRISE AND SUNSET
SEPTEMBER 26 2022.....SUNRISE   717 AM EDT   SUNSET   716 PM EDT
SEPTEMBER 27 2022.....SUNRISE   718 AM EDT   SUNSET   714 PM EDT


-  INDICATES NEGATIVE NUMBERS.
R  INDICATES RECORD WAS SET OR TIED.
MM INDICATES DATA IS MISSING.
T  INDICATES TRACE AMOUNT.




$$
