000
CDUS41 KPHI 052132
CLIPHL

CLIMATE REPORT
NATIONAL WEATHER SERVICE MOUNT HOLLY NJ
532 PM EDT WED OCT 05 2022

...................................

...THE PHILADELPHIA PA CLIMATE SUMMARY FOR OCTOBER 5 2022...
VALID TODAY AS OF 0500 PM LOCAL TIME.

CLIMATE NORMAL PERIOD: 1991 TO 2020
CLIMATE RECORD PERIOD: 1872 TO 2022


WEATHER ITEM   OBSERVED TIME   RECORD YEAR NORMAL DEPARTURE LAST
                VALUE   (LST)  VALUE       VALUE  FROM      YEAR
                                                  NORMAL
...................................................................
TEMPERATURE (F)
 TODAY
  MAXIMUM         64   3:59 PM  96    1941  71     -7       70
  MINIMUM         54   1:11 AM  31    1961  54      0       63
  AVERAGE         59                        62     -3       67

PRECIPITATION (IN)
  TODAY            0.01          2.36 2021   0.12  -0.11     2.36
  MONTH TO DATE    3.82                      0.60   3.22     2.36
  SINCE SEP 1      5.88                      5.00   0.88     6.97
  SINCE JAN 1     32.79                     34.36  -1.57    39.26

SNOWFALL (IN)
  TODAY            0.0           0.0    MM   0.0    0.0      0.0
  MONTH TO DATE    0.0                       0.0    0.0      0.0
  SINCE SEP 1      0.0                       0.0    0.0      0.0
  SINCE JUL 1      0.0                       0.0    0.0      0.0
  SNOW DEPTH       0

DEGREE DAYS
 HEATING
  TODAY            6                         4      2        0
  MONTH TO DATE   50                        19     31        5
  SINCE SEP 1     69                        47     22        9
  SINCE JUL 1     69                        48     21        9

 COOLING
  TODAY            0                         2     -2        2
  MONTH TO DATE    0                        10    -10       21
  SINCE SEP 1    239                       185     54      229
  SINCE JAN 1   1725                      1342    383     1538
...................................................................


WIND (MPH)
  HIGHEST WIND SPEED    21   HIGHEST WIND DIRECTION     N (20)
  HIGHEST GUST SPEED    28   HIGHEST GUST DIRECTION     N (10)
  AVERAGE WIND SPEED    13.4


SKY COVER
  POSSIBLE SUNSHINE  MM
  AVERAGE SKY COVER 1.0


WEATHER CONDITIONS
THE FOLLOWING WEATHER WAS RECORDED TODAY.
  LIGHT RAIN
  FOG


RELATIVE HUMIDITY (PERCENT)
 HIGHEST    93           4:00 AM
 LOWEST     78           1:00 PM
 AVERAGE    86

..........................................................


THE PHILADELPHIA PA CLIMATE NORMALS FOR TOMORROW
                         NORMAL    RECORD    YEAR
 MAXIMUM TEMPERATURE (F)   71        95      1941
 MINIMUM TEMPERATURE (F)   53        32      1965


SUNRISE AND SUNSET
OCTOBER  5 2022.......SUNRISE   7:01 AM EDT   SUNSET   6:37 PM EDT
OCTOBER  6 2022.......SUNRISE   7:02 AM EDT   SUNSET   6:35 PM EDT


-  INDICATES NEGATIVE NUMBERS.
R  INDICATES RECORD WAS SET OR TIED.
MM INDICATES DATA IS MISSING.
T  INDICATES TRACE AMOUNT.




$$
