000
CDUS43 KUNR 260836
CLIPHP

CLIMATE REPORT
NATIONAL WEATHER SERVICE RAPID CITY SD
236 AM MDT MON SEP 26 2022

...................................

...THE PHILIP SD CLIMATE SUMMARY FOR SEPTEMBER 25 2022...

CLIMATE NORMAL PERIOD 1991 TO 2020
CLIMATE RECORD PERIOD 9999 TO 9999


WEATHER ITEM   OBSERVED TIME   NORMAL DEPARTURE LAST
                VALUE   (LST)  VALUE  FROM      YEAR
                                      NORMAL
.......................................................
TEMPERATURE (F)
 YESTERDAY
  MAXIMUM         78    227 PM  75      3       85
  MINIMUM         40   1159 PM  44     -4       36
  AVERAGE         59            59      0       61

PRECIPITATION (IN)
  YESTERDAY        0.00          0.04  -0.04     0.00
  MONTH TO DATE    0.16          1.02  -0.86     1.84
  SINCE SEP 1      0.16          1.02  -0.86     1.84
  SINCE JAN 1      8.35         13.69  -5.34     8.99

DEGREE DAYS
 HEATING
  YESTERDAY        6             7     -1        4
  MONTH TO DATE   53            97    -44       44
  SINCE SEP 1     53            97    -44       44
  SINCE JUL 1     53           118    -65       44

 COOLING
  YESTERDAY        0             1     -1        0
  MONTH TO DATE  114            83     31       72
  SINCE SEP 1    114            83     31       72
  SINCE JAN 1    977           823    154     1078
.......................................................


WIND (MPH)
  HIGHEST WIND SPEED    25   HIGHEST WIND DIRECTION     N (340)
  HIGHEST GUST SPEED    32   HIGHEST GUST DIRECTION     N (340)
  AVERAGE WIND SPEED     9.5


SKY COVER
  AVERAGE SKY COVER 0.1


RELATIVE HUMIDITY (PERCENT)
 HIGHEST    82           300 AM
 LOWEST     19           400 PM
 AVERAGE    51

..........................................................



SUNRISE AND SUNSET
SEPTEMBER 26 2022.....SUNRISE   638 AM MDT   SUNSET   636 PM MDT
SEPTEMBER 27 2022.....SUNRISE   639 AM MDT   SUNSET   634 PM MDT


-  INDICATES NEGATIVE NUMBERS.
R  INDICATES RECORD WAS SET OR TIED.
MM INDICATES DATA IS MISSING.
T  INDICATES TRACE AMOUNT.




$$
