000
CDUS45 KPSR 290844
CLIPHX

CLIMATE REPORT
NATIONAL WEATHER SERVICE PHOENIX AZ
144 AM MST THU SEP 29 2022

...................................

...THE PHOENIX AZ CLIMATE SUMMARY FOR SEPTEMBER 28 2022...

CLIMATE NORMAL PERIOD 1991 TO 2020
CLIMATE RECORD PERIOD 1895 TO 2022


WEATHER ITEM   OBSERVED TIME   RECORD YEAR NORMAL DEPARTURE LAST
                VALUE   (LST)  VALUE       VALUE  FROM      YEAR
                                                  NORMAL
...................................................................
TEMPERATURE (F)
 YESTERDAY
  MAXIMUM        102    316 PM 108    1992  96      6       91
  MINIMUM         82    644 AM  50    1923  74      8       72
  AVERAGE         92                        85      7       82

PRECIPITATION (IN)
  YESTERDAY        0.00          1.31 1903   0.02  -0.02     0.00
  MONTH TO DATE    0.79                      0.54   0.25     0.76
  SINCE OCT 1      4.63                      7.19  -2.56     5.71
  SINCE JAN 1      2.78                      5.32  -2.54     5.26

SNOWFALL (IN)
  YESTERDAY        0.0
  MONTH TO DATE    0.0
  SINCE JAN 1      0.0
  SINCE JUL 1      0.0
  SNOW DEPTH       0

DEGREE DAYS
 HEATING
  YESTERDAY        0                         0      0        0
  MONTH TO DATE    0                         0      0        0
  SINCE SEP 1      0                         0      0        0
  SINCE JUL 1      0                         0      0        0

 COOLING
  YESTERDAY       27                        20      7       17
  MONTH TO DATE  744                       688     56      702
  SINCE SEP 1    744                       688     56      702
  SINCE JAN 1   4575                      4245    330     4409
...................................................................


WIND (MPH)
  HIGHEST WIND SPEED    23   HIGHEST WIND DIRECTION     S (180)
  HIGHEST GUST SPEED    35   HIGHEST GUST DIRECTION     S (180)
  AVERAGE WIND SPEED     7.8


SKY COVER
  AVERAGE SKY COVER 0.6


WEATHER CONDITIONS
THE FOLLOWING WEATHER WAS RECORDED YESTERDAY.
  NO SIGNIFICANT WEATHER WAS OBSERVED.


RELATIVE HUMIDITY (PERCENT)
 HIGHEST    36          1100 PM
 LOWEST     19           100 PM
 AVERAGE    28

..........................................................


THE PHOENIX AZ CLIMATE NORMALS FOR TODAY
                         NORMAL    RECORD    YEAR
 MAXIMUM TEMPERATURE (F)   96       107      2001
                                             2003
 MINIMUM TEMPERATURE (F)   73        52      1923


SUNRISE AND SUNSET
SEPTEMBER 29 2022.....SUNRISE   621 AM MST   SUNSET   615 PM MST
SEPTEMBER 30 2022.....SUNRISE   622 AM MST   SUNSET   614 PM MST


-  INDICATES NEGATIVE NUMBERS.
R  INDICATES RECORD WAS SET OR TIED.
MM INDICATES DATA IS MISSING.
T  INDICATES TRACE AMOUNT.




$$
