000
CDUS43 KILX 060628
CLIPIA

CLIMATE REPORT
NATIONAL WEATHER SERVICE LINCOLN IL
128 AM CDT THU OCT 06 2022

...................................

...THE PEORIA IL CLIMATE SUMMARY FOR OCTOBER 5 2022...

CLIMATE NORMAL PERIOD 1991 TO 2020
CLIMATE RECORD PERIOD 1883 TO 2022

WEATHER ITEM   OBSERVED TIME   RECORD YEAR NORMAL DEPARTURE LAST
                VALUE   (LST)  VALUE       VALUE  FROM      YEAR
                                                  NORMAL
...................................................................
TEMPERATURE (F)
 YESTERDAY
  MAXIMUM         79    230 PM  89    1922  71      8       70
  MINIMUM         43    602 AM  31    1980  49     -6       61
                                      1979
                                      1901
  AVERAGE         61                        60      1       66

PRECIPITATION (IN)
  YESTERDAY        0.10          1.76 2018   0.09   0.01      T
  MONTH TO DATE    0.10                      0.49  -0.39     0.53
  SINCE SEP 1      0.89                      3.97  -3.08     1.62
  SINCE JAN 1     21.52                     29.96  -8.44    33.27

SNOWFALL (IN)
  YESTERDAY        0.0           T    1932   0.0    0.0      0.0
  MONTH TO DATE    0.0                       0.0    0.0      0.0
  SINCE SEP 1      0.0                       0.0    0.0      0.0
  SINCE JUL 1      0.0                       0.0    0.0      0.0
  SNOW DEPTH       0

DEGREE DAYS
 HEATING
  YESTERDAY        4                         7     -3        0
  MONTH TO DATE   23                        31     -8        0
  SINCE SEP 1     93                        97     -4       13
  SINCE JUL 1     93                       101     -8       13

 COOLING
  YESTERDAY        0                         1     -1        1
  MONTH TO DATE    0                         9     -9       27
  SINCE SEP 1    170                       146     24      235
  SINCE JAN 1   1317                      1143    174     1327
...................................................................

WIND (MPH)
  HIGHEST WIND SPEED    14   HIGHEST WIND DIRECTION    SW (220)
  HIGHEST GUST SPEED    20   HIGHEST GUST DIRECTION     S (180)
  AVERAGE WIND SPEED     4.0

SKY COVER
  POSSIBLE SUNSHINE  MM
  AVERAGE SKY COVER 0.3

WEATHER CONDITIONS
THE FOLLOWING WEATHER WAS RECORDED YESTERDAY.
  LIGHT RAIN
  HAZE

RELATIVE HUMIDITY (PERCENT)
 HIGHEST    MM
 LOWEST     MM
 AVERAGE    MM

..........................................................

THE PEORIA IL CLIMATE NORMALS FOR TODAY
                         NORMAL    RECORD    YEAR
 MAXIMUM TEMPERATURE (F)   70        90      1963
 MINIMUM TEMPERATURE (F)   48        25      1952
                                             1935

SUNRISE AND SUNSET
OCTOBER  6 2022.......SUNRISE   700 AM CDT   SUNSET   633 PM CDT
OCTOBER  7 2022.......SUNRISE   701 AM CDT   SUNSET   631 PM CDT

-  INDICATES NEGATIVE NUMBERS.
R  INDICATES RECORD WAS SET OR TIED.
MM INDICATES DATA IS MISSING.
T  INDICATES TRACE AMOUNT.

$$
