000
CDUS45 KPIH 020730
CLIPIH

CLIMATE REPORT
NATIONAL WEATHER SERVICE POCATELLO ID
130 AM MDT SUN OCT 02 2022

...................................

...THE POCATELLO CLIMATE SUMMARY FOR OCTOBER 1 2022...

CLIMATE NORMAL PERIOD 1991 TO 2020
CLIMATE RECORD PERIOD 1939 TO 2022


WEATHER ITEM   OBSERVED TIME   RECORD YEAR NORMAL DEPARTURE LAST
                VALUE   (LST)  VALUE       VALUE  FROM      YEAR
                                                  NORMAL
...................................................................
TEMPERATURE (F)
 YESTERDAY
  MAXIMUM         61    435 PM  91    1992  69     -8       71
  MINIMUM         40   1159 PM  18    1950  38      2       28
  AVERAGE         51                        54     -3       50

PRECIPITATION (IN)
  YESTERDAY        0.01          1.05 1971   0.03  -0.02     0.00
  MONTH TO DATE    0.01                      0.03  -0.02     0.00
  SINCE OCT 1      0.01                      0.03  -0.02     0.00
  SINCE JAN 1      7.63                      8.78  -1.15     6.71

SNOWFALL (IN)
  YESTERDAY        0.0
  MONTH TO DATE    0.0
  SINCE SEP 1      0.0
  SINCE JUL 1      0.0
  SNOW DEPTH       0

DEGREE DAYS
 HEATING
  YESTERDAY       14                        12      2       15
  MONTH TO DATE   14                        12      2       15
  SINCE SEP 1     99                       198    -99      166
  SINCE JUL 1     99                       239   -140      204

 COOLING
  YESTERDAY        0                         0      0        0
  MONTH TO DATE    0                         0      0        0
  SINCE SEP 1     76                        26     50       35
  SINCE JAN 1    667                       430    237      663
...................................................................


WIND (MPH)
  HIGHEST WIND SPEED    12   HIGHEST WIND DIRECTION     N (350)
  HIGHEST GUST SPEED    13   HIGHEST GUST DIRECTION     N (350)
  AVERAGE WIND SPEED     3.2


SKY COVER
  POSSIBLE SUNSHINE  MM
  AVERAGE SKY COVER 0.6


WEATHER CONDITIONS
THE FOLLOWING WEATHER WAS RECORDED YESTERDAY.
  LIGHT RAIN


RELATIVE HUMIDITY (PERCENT)
 HIGHEST    89           700 AM
 LOWEST     47           400 PM
 AVERAGE    68

..........................................................


THE POCATELLO CLIMATE NORMALS FOR TODAY
                         NORMAL    RECORD    YEAR
 MAXIMUM TEMPERATURE (F)   69        89      2010
 MINIMUM TEMPERATURE (F)   37        23      2009


SUNRISE AND SUNSET
OCTOBER  2 2022.......SUNRISE   729 AM MDT   SUNSET   710 PM MDT
OCTOBER  3 2022.......SUNRISE   730 AM MDT   SUNSET   708 PM MDT


-  INDICATES NEGATIVE NUMBERS.
R  INDICATES RECORD WAS SET OR TIED.
MM INDICATES DATA IS MISSING.
T  INDICATES TRACE AMOUNT.




$$
