000
CDUS43 KABR 010700
CLIPIR

CLIMATE REPORT
NATIONAL WEATHER SERVICE ABERDEEN SD
200 AM CDT SAT OCT 01 2022

...................................

...THE PIERRE SD CLIMATE SUMMARY FOR SEPTEMBER 30 2022...

CLIMATE NORMAL PERIOD 1991 TO 2020
CLIMATE RECORD PERIOD 1892 TO 2022


WEATHER ITEM   OBSERVED TIME   RECORD YEAR NORMAL DEPARTURE LAST
                VALUE   (LST)  VALUE       VALUE  FROM      YEAR
                                                  NORMAL
...................................................................
TEMPERATURE (F)
 YESTERDAY
  MAXIMUM         87    304 PM  98    1980  70     17       65
  MINIMUM         61    723 AM  23    1974  44     17       54
  AVERAGE         74                        57     17       60

PRECIPITATION (IN)
  YESTERDAY        0.00          1.02 1911   0.06  -0.06     0.52
  MONTH TO DATE    0.06                      1.74  -1.68     1.88
  SINCE SEP 1      0.06                      1.74  -1.68     1.88
  SINCE JAN 1     17.61                     17.10   0.51    11.72

SNOWFALL (IN)
  YESTERDAY        0.0           T    1985   0.0    0.0      0.0
  MONTH TO DATE    0.0                       0.0    0.0      0.0
  SINCE OCT 1      9.3                      37.2  -27.9     24.2
  SINCE JUL 1      0.0                       0.0    0.0      0.0
  SNOW DEPTH       0

DEGREE DAYS
 HEATING
  YESTERDAY        0                         9     -9        5
  MONTH TO DATE   58                       135    -77       42
  SINCE SEP 1     58                       135    -77       42
  SINCE JUL 1     59                       156    -97       42

 COOLING
  YESTERDAY        9                         1      8        0
  MONTH TO DATE  119                        91     28       92
  SINCE SEP 1    119                        91     28       92
  SINCE JAN 1    979                       830    149     1168
...................................................................


WIND (MPH)
  HIGHEST WIND SPEED    22   HIGHEST WIND DIRECTION    SE (130)
  HIGHEST GUST SPEED    28   HIGHEST GUST DIRECTION    SE (120)
  AVERAGE WIND SPEED    13.7


SKY COVER
  AVERAGE SKY COVER 0.0


WEATHER CONDITIONS
THE FOLLOWING WEATHER WAS RECORDED YESTERDAY.
  NO SIGNIFICANT WEATHER WAS OBSERVED.


RELATIVE HUMIDITY (PERCENT)
 HIGHEST    58           700 AM
 LOWEST     28           400 PM
 AVERAGE    43

..........................................................


THE PIERRE SD CLIMATE NORMALS FOR TODAY
                         NORMAL    RECORD    YEAR
 MAXIMUM TEMPERATURE (F)   70        96      1953
 MINIMUM TEMPERATURE (F)   43        25      2003


SUNRISE AND SUNSET
OCTOBER  1 2022.......SUNRISE   739 AM CDT   SUNSET   722 PM CDT
OCTOBER  2 2022.......SUNRISE   740 AM CDT   SUNSET   720 PM CDT


-  INDICATES NEGATIVE NUMBERS.
R  INDICATES RECORD WAS SET OR TIED.
MM INDICATES DATA IS MISSING.
T  INDICATES TRACE AMOUNT.




$$
