000
CDUS41 KPBZ 010532
CLIPIT

CLIMATE REPORT
NATIONAL WEATHER SERVICE PITTSBURGH PA
132 AM EDT SAT OCT 01 2022

...................................

...THE PITTSBURGH PA CLIMATE SUMMARY FOR SEPTEMBER 30 2022...

CLIMATE NORMAL PERIOD 1991 TO 2020
CLIMATE RECORD PERIOD 1871 TO 2022


WEATHER ITEM   OBSERVED TIME   RECORD YEAR NORMAL DEPARTURE LAST
                VALUE   (LST)  VALUE       VALUE  FROM      YEAR
                                                  NORMAL
...................................................................
TEMPERATURE (F)
 YESTERDAY
  MAXIMUM         59    232 PM  92    1881  70    -11       68
  MINIMUM         42    627 AM  36    1935  50     -8       45
                                      1947
                                      1993
  AVERAGE         51                        60     -9       57

PRECIPITATION (IN)
  YESTERDAY        0.00          1.35 2019   0.10  -0.10     0.00
  MONTH TO DATE    5.15                      3.30   1.85     3.93
  SINCE SEP 1      5.15                      3.30   1.85     3.93
  SINCE JAN 1     34.89                     31.08   3.81    32.36

SNOWFALL (IN)
  YESTERDAY        0.0           T    1893   0.0    0.0      0.0
                                      1895
  MONTH TO DATE    0.0                       0.0    0.0      0.0
  SINCE SEP 1      0.0                       0.0    0.0      0.0
  SINCE JUL 1      0.0                       0.0    0.0      0.0
  SNOW DEPTH       0

DEGREE DAYS
 HEATING
  YESTERDAY       14                         7      7        8
  MONTH TO DATE   94                        89      5       47
  SINCE SEP 1     94                        89      5       47
  SINCE JUL 1     94                        99     -5       48

 COOLING
  YESTERDAY        0                         1     -1        0
  MONTH TO DATE   84                        85     -1       97
  SINCE SEP 1     84                        85     -1       97
  SINCE JAN 1    846                       786     60      930
...................................................................


WIND (MPH)
  HIGHEST WIND SPEED    13   HIGHEST WIND DIRECTION    NE (40)
  HIGHEST GUST SPEED    18   HIGHEST GUST DIRECTION    NE (40)
  AVERAGE WIND SPEED     6.5


SKY COVER
  POSSIBLE SUNSHINE  MM
  AVERAGE SKY COVER 0.7


WEATHER CONDITIONS
THE FOLLOWING WEATHER WAS RECORDED YESTERDAY.
  NO SIGNIFICANT WEATHER WAS OBSERVED.


RELATIVE HUMIDITY (PERCENT)
 HIGHEST    93           300 AM
 LOWEST     57           100 PM
 AVERAGE    75

..........................................................


THE PITTSBURGH PA CLIMATE NORMALS FOR TODAY
                         NORMAL    RECORD    YEAR
 MAXIMUM TEMPERATURE (F)   69        89      1881
 MINIMUM TEMPERATURE (F)   49        30      1899


SUNRISE AND SUNSET
OCTOBER  1 2022.......SUNRISE   717 AM EDT   SUNSET   703 PM EDT
OCTOBER  2 2022.......SUNRISE   718 AM EDT   SUNSET   701 PM EDT


-  INDICATES NEGATIVE NUMBERS.
R  INDICATES RECORD WAS SET OR TIED.
MM INDICATES DATA IS MISSING.
T  INDICATES TRACE AMOUNT.




$$
