000
CDUS41 KRLX 060736
CLIPKB

CLIMATE REPORT
NATIONAL WEATHER SERVICE CHARLESTON WV
336 AM EDT THU OCT 06 2022

...................................

...THE PARKERSBURG WV CLIMATE SUMMARY FOR OCTOBER 5 2022...

CLIMATE NORMAL PERIOD: 1991 TO 2020
CLIMATE RECORD PERIOD: 1926 TO 2022


WEATHER ITEM   OBSERVED TIME   RECORD YEAR NORMAL DEPARTURE LAST
                VALUE   (LST)  VALUE       VALUE  FROM      YEAR
                                                  NORMAL
...................................................................
TEMPERATURE (F)
 YESTERDAY
  MAXIMUM         74   4:09 PM  91    2007  71      3       82
  MINIMUM         40   6:04 AM  31    1965  48     -8       56
  AVERAGE         57                        59     -2       69

PRECIPITATION (IN)
  YESTERDAY        0.00          1.04 1995   0.10  -0.10     0.00
  MONTH TO DATE    2.29                      0.47   1.82     1.12
  SINCE SEP 1      4.25                      3.65   0.60     4.05
  SINCE JAN 1     36.53                     33.76   2.77    34.30

DEGREE DAYS
 HEATING
  YESTERDAY        8                         7      1        0
  MONTH TO DATE   53                        31     22        8
  SINCE SEP 1    127                        93     34       39
  SINCE JUL 1    127                        97     30       39

 COOLING
  YESTERDAY        0                         1     -1        4
  MONTH TO DATE    0                         6     -6       12
  SINCE SEP 1    112                       123    -11      144
  SINCE JAN 1   1017                       985     32     1136
...................................................................


WIND (MPH)
  HIGHEST WIND SPEED     7   HIGHEST WIND DIRECTION     W (290)
  HIGHEST GUST SPEED    11   HIGHEST GUST DIRECTION     W (290)
  AVERAGE WIND SPEED     1.4


SKY COVER
  AVERAGE SKY COVER 0.1


WEATHER CONDITIONS
THE FOLLOWING WEATHER WAS RECORDED YESTERDAY.
  FOG
  FOG W/VISIBILITY <= 1/4 MILE


RELATIVE HUMIDITY (PERCENT)
 HIGHEST   100
 LOWEST     35
 AVERAGE    68

..........................................................


THE PARKERSBURG WV CLIMATE NORMALS FOR TODAY
                         NORMAL    RECORD    YEAR
 MAXIMUM TEMPERATURE (F)   71        89      1941
                                             2007
 MINIMUM TEMPERATURE (F)   48        30      1964


SUNRISE AND SUNSET
OCTOBER  6 2022.......SUNRISE   7:27 AM EDT   SUNSET   7:00 PM EDT
OCTOBER  7 2022.......SUNRISE   7:28 AM EDT   SUNSET   6:59 PM EDT


-  INDICATES NEGATIVE NUMBERS.
R  INDICATES RECORD WAS SET OR TIED.
MM INDICATES DATA IS MISSING.
T  INDICATES TRACE AMOUNT.




$$
