000
CDUS43 KFGF 290632
CLIPKD

CLIMATE REPORT
NATIONAL WEATHER SERVICE GRAND FORKS
132 AM CDT THU SEP 29 2022

...................................

...THE PARK RAPIDS MN CLIMATE SUMMARY FOR SEPTEMBER 28 2022...

CLIMATE NORMAL PERIOD 1991 TO 2020
CLIMATE RECORD PERIOD 1885 TO 2022


WEATHER ITEM   OBSERVED TIME   RECORD YEAR NORMAL DEPARTURE LAST
                VALUE   (LST)  VALUE       VALUE  FROM      YEAR
                                                  NORMAL
...................................................................
TEMPERATURE (F)
 YESTERDAY
  MAXIMUM         61    348 PM  87    1894  64     -3       84
  MINIMUM         28    509 AM  20    1942  41    -13       50
  AVERAGE         45                        52     -7       67

PRECIPITATION (IN)
  YESTERDAY        0.00          0.63 1997   0.08  -0.08     0.00
  MONTH TO DATE    1.03                      2.54  -1.51     1.50
  SINCE SEP 1      1.03                      2.54  -1.51     1.50
  SINCE JAN 1     17.78                     19.97  -2.19    13.30

DEGREE DAYS
 HEATING
  YESTERDAY       20                        13      7        0
  MONTH TO DATE  169                       220    -51      132
  SINCE SEP 1    169                       220    -51      132
  SINCE JUL 1    195                       303   -108      150

 COOLING
  YESTERDAY        0                         0      0        2
  MONTH TO DATE   33                        29      4       19
  SINCE SEP 1     33                        29      4       19
  SINCE JAN 1    398                       365     33      619
...................................................................


WIND (MPH)
  HIGHEST WIND SPEED    18   HIGHEST WIND DIRECTION     S (170)
  HIGHEST GUST SPEED    26   HIGHEST GUST DIRECTION     S (160)
  AVERAGE WIND SPEED     8.0


SKY COVER
  POSSIBLE SUNSHINE  MM
  AVERAGE SKY COVER 0.0


WEATHER CONDITIONS
THE FOLLOWING WEATHER WAS RECORDED YESTERDAY.
  NO SIGNIFICANT WEATHER WAS OBSERVED.


RELATIVE HUMIDITY (PERCENT)
 HIGHEST    92           200 AM
 LOWEST     30           300 PM
 AVERAGE    61

..........................................................


THE PARK RAPIDS MN CLIMATE NORMALS FOR TODAY
                         NORMAL    RECORD    YEAR
 MAXIMUM TEMPERATURE (F)   63        84      1905
                                             2021
 MINIMUM TEMPERATURE (F)   41        18      1939


SUNRISE AND SUNSET
SEPTEMBER 29 2022.....SUNRISE   716 AM CDT   SUNSET   704 PM CDT
SEPTEMBER 30 2022.....SUNRISE   718 AM CDT   SUNSET   702 PM CDT


-  INDICATES NEGATIVE NUMBERS.
R  INDICATES RECORD WAS SET OR TIED.
MM INDICATES DATA IS MISSING.
T  INDICATES TRACE AMOUNT.




$$
