000
CDUS43 KAPX 060634
CLIPLN

CLIMATE REPORT
NATIONAL WEATHER SERVICE
234 AM EDT THU OCT 06 2022

...................................

...THE PELLSTON CLIMATE SUMMARY FOR OCTOBER 5 2022...

CLIMATE NORMAL PERIOD: 1991 TO 2020
CLIMATE RECORD PERIOD: 1948 TO 2022


WEATHER ITEM   OBSERVED TIME   RECORD YEAR NORMAL DEPARTURE LAST
                VALUE   (LST)  VALUE       VALUE  FROM      YEAR
                                                  NORMAL
...................................................................
TEMPERATURE (F)
 YESTERDAY
  MAXIMUM         73   2:57 PM  84    2005  62     11       69
  MINIMUM         42   6:51 AM  16    1965  38      4       46
  AVERAGE         58                        50      8       58

PRECIPITATION (IN)
  YESTERDAY        0.00         MM      MM   0.14  -0.14     0.00
  MONTH TO DATE    0.00                      0.71  -0.71     0.21
  SINCE SEP 1      2.81                      4.09  -1.28     3.39
  SINCE JAN 1     23.71                     21.90   1.81    24.28

DEGREE DAYS
 HEATING
  YESTERDAY        7                        15               7
  MONTH TO DATE   72                        72              20
  SINCE SEP 1    270                       325             206
  SINCE JUL 1    327                       464             267

 COOLING
  YESTERDAY        0                         0               0
  MONTH TO DATE    0                         0               2
  SINCE SEP 1     36                        24               7
  SINCE JAN 1    309                       252             399
...................................................................


WIND (MPH)
  HIGHEST WIND SPEED    15   HIGHEST WIND DIRECTION     W (250)
  HIGHEST GUST SPEED    23   HIGHEST GUST DIRECTION     W (250)
  AVERAGE WIND SPEED     3.9


RELATIVE HUMIDITY (PERCENT)
 HIGHEST    97
 LOWEST     31
 AVERAGE    64

..........................................................


THE PELLSTON CLIMATE NORMALS FOR TODAY
                         NORMAL    RECORD    YEAR
 MAXIMUM TEMPERATURE (F)   61        80      1970
 MINIMUM TEMPERATURE (F)   38        18      1964


SUNRISE AND SUNSET
OCTOBER  6 2022.......SUNRISE   7:44 AM EDT   SUNSET   7:10 PM EDT
OCTOBER  7 2022.......SUNRISE   7:45 AM EDT   SUNSET   7:08 PM EDT


-  INDICATES NEGATIVE NUMBERS.
R  INDICATES RECORD WAS SET OR TIED.
MM INDICATES DATA IS MISSING.
T  INDICATES TRACE AMOUNT.




$$
