000
CDUS46 KLOX 060846
CLIPMD

CLIMATE REPORT
NATIONAL WEATHER SERVICE LOS ANGELES/OXNARD
146 AM PDT THU OCT 06 2022

...................................

...THE PALMDALE AIRPORT CA CLIMATE SUMMARY FOR OCTOBER 5 2022...

CLIMATE NORMAL PERIOD: 1991 TO 2020
CLIMATE RECORD PERIOD: 1931 TO 2022


WEATHER ITEM   OBSERVED TIME   RECORD YEAR NORMAL DEPARTURE LAST
                VALUE   (LST)  VALUE       VALUE  FROM      YEAR
                                                  NORMAL
...................................................................
TEMPERATURE (F)
 YESTERDAY
  MAXIMUM         94   2:38 PM 105    1980  84     10       83
  MINIMUM         57   5:02 AM  32    1969  53      4       64
  AVERAGE         76                        68      8       74

PRECIPITATION (IN)
  YESTERDAY        0.00          0.27 1983   0.01  -0.01     0.00
  MONTH TO DATE    0.00                      0.04  -0.04      T
  SINCE JUL 1      0.74                      0.34   0.40      T
  SINCE OCT 1      0.00                      0.04  -0.04      T
  SINCE JAN 1      1.35                      4.09  -2.74     0.98

SNOWFALL (IN)
  YESTERDAY       MM            MM      MM  MM              MM
  MONTH TO DATE   MM                         0.0            MM
  SINCE SEP 1     MM                        MM              MM
  SINCE JUL 1     MM                        MM              MM
  SNOW DEPTH      MM

DEGREE DAYS
 HEATING
  YESTERDAY        0                         1     -1        0
  MONTH TO DATE    0                         5     -5        0
  SINCE SEP 1      0                        13    -13        1
  SINCE JUL 1      0                        13    -13        1

 COOLING
  YESTERDAY       11                         5      6        9
  MONTH TO DATE   48                        26     22       27
  SINCE SEP 1    472                       340    132      396
  SINCE JAN 1   2368                      1896    472     2394
...................................................................


WIND (MPH)
  HIGHEST WIND SPEED    17   HIGHEST WIND DIRECTION    SW (240)
  HIGHEST GUST SPEED    23   HIGHEST GUST DIRECTION     W (250)
  AVERAGE WIND SPEED     6.8


SKY COVER
  POSSIBLE SUNSHINE  MM
  AVERAGE SKY COVER 0.0


WEATHER CONDITIONS
THE FOLLOWING WEATHER WAS RECORDED YESTERDAY.
  NO SIGNIFICANT WEATHER WAS OBSERVED.


RELATIVE HUMIDITY (PERCENT)
 HIGHEST    45           5:00 AM
 LOWEST     11           4:00 PM
 AVERAGE    28

..........................................................


THE PALMDALE AIRPORT CA CLIMATE NORMALS FOR TODAY
                         NORMAL    RECORD    YEAR
 MAXIMUM TEMPERATURE (F)   84       100      1964
 MINIMUM TEMPERATURE (F)   52        32      1969


SUNRISE AND SUNSET
OCTOBER  6 2022.......SUNRISE   6:51 AM PDT   SUNSET   6:29 PM PDT
OCTOBER  7 2022.......SUNRISE   6:52 AM PDT   SUNSET   6:28 PM PDT


-  INDICATES NEGATIVE NUMBERS.
R  INDICATES RECORD WAS SET OR TIED.
MM INDICATES DATA IS MISSING.
T  INDICATES TRACE AMOUNT.




$$
