000
CDUS44 KMOB 010625
CLIPNS

CLIMATE REPORT
NATIONAL WEATHER SERVICE MOBILE AL
125 AM CDT SAT OCT 01 2022

...................................

...THE PENSACOLA CLIMATE SUMMARY FOR SEPTEMBER 30 2022...

CLIMATE NORMAL PERIOD: 1991 TO 2020
CLIMATE RECORD PERIOD: 1879 TO 2022


WEATHER ITEM   OBSERVED TIME   RECORD YEAR NORMAL DEPARTURE LAST
                VALUE   (LST)  VALUE       VALUE  FROM      YEAR
                                                  NORMAL
...................................................................
TEMPERATURE (F)
 YESTERDAY
  MAXIMUM         84   3:23 PM  96    1904  86     -2       87
  MINIMUM         59   4:48 AM  46    1967  68     -9       74
  AVERAGE         72                        77     -5       81

PRECIPITATION (IN)
  YESTERDAY        0.00          5.01 1898   0.20  -0.20     0.00
  MONTH TO DATE    2.20                      6.61  -4.41    11.27
  SINCE SEP 1      2.20                      6.61  -4.41    11.27
  SINCE JAN 1     59.60                     53.79   5.81    73.26

DEGREE DAYS
 COOLING
  YESTERDAY        7                        12     -5       16
  MONTH TO DATE  473                       450     23      424
  SINCE SEP 1    473                       450     23      424
  SINCE JAN 1   2915                      2644    271     2638
...................................................................


WIND (MPH)
  HIGHEST WIND SPEED    20   HIGHEST WIND DIRECTION    NW (320)
  HIGHEST GUST SPEED    26   HIGHEST GUST DIRECTION     N (360)
  AVERAGE WIND SPEED     9.6


SKY COVER
  AVERAGE SKY COVER 0.2


WEATHER CONDITIONS
THE FOLLOWING WEATHER WAS RECORDED YESTERDAY.
  NO SIGNIFICANT WEATHER WAS OBSERVED.


RELATIVE HUMIDITY (PERCENT)
 HIGHEST    68           8:00 PM
 LOWEST     41           2:00 PM
 AVERAGE    55

..........................................................


THE PENSACOLA CLIMATE NORMALS FOR TODAY
                         NORMAL    RECORD    YEAR
 MAXIMUM TEMPERATURE (F)   86        96      2019
 MINIMUM TEMPERATURE (F)   68        46      1920


SUNRISE AND SUNSET
OCTOBER  1 2022.......SUNRISE   6:42 AM CDT   SUNSET   6:34 PM CDT
OCTOBER  2 2022.......SUNRISE   6:43 AM CDT   SUNSET   6:33 PM CDT


-  INDICATES NEGATIVE NUMBERS.
R  INDICATES RECORD WAS SET OR TIED.
MM INDICATES DATA IS MISSING.
T  INDICATES TRACE AMOUNT.




$$
