000
CDUS43 KPAH 260626
CLIPOF

CLIMATE REPORT
NATIONAL WEATHER SERVICE PADUCAH KY
126 AM CDT MON SEP 26 2022

...................................

...THE POPLAR BLUFF MO CLIMATE SUMMARY FOR SEPTEMBER 25 2022...

CLIMATE NORMAL PERIOD 1991 TO 2020
CLIMATE RECORD PERIOD 1893 TO 2022


WEATHER ITEM   OBSERVED TIME   RECORD YEAR NORMAL DEPARTURE LAST
                VALUE   (LST)  VALUE       VALUE  FROM      YEAR
                                                  NORMAL
...................................................................
TEMPERATURE (F)
 YESTERDAY
  MAXIMUM         84    231 PM  95    1939  80      4       78
  MINIMUM         58   1159 PM  38    1950  56      2       49
  AVERAGE         71                        68      3       64

PRECIPITATION (IN)
  YESTERDAY        0.04          3.74 1945   0.13  -0.09      T
  MONTH TO DATE    0.41                      3.29  -2.88     2.98
  SINCE SEP 1      0.41                      3.29  -2.88     2.98
  SINCE JAN 1     40.43                     36.94   3.49    39.31

DEGREE DAYS
 HEATING
  YESTERDAY        0                         2     -2        1
  MONTH TO DATE    0                        12    -12        7
  SINCE SEP 1      0                        12    -12        7
  SINCE JUL 1      0                        12    -12        7

 COOLING
  YESTERDAY        6                         4      2        0
  MONTH TO DATE  207                       174     33      190
  SINCE SEP 1    207                       174     33      190
  SINCE JAN 1   1763                      1565    198     1505
...................................................................


WIND (MPH)
  HIGHEST WIND SPEED    21   HIGHEST WIND DIRECTION     N (340)
  HIGHEST GUST SPEED    29   HIGHEST GUST DIRECTION     N (360)
  AVERAGE WIND SPEED     6.8


SKY COVER
  AVERAGE SKY COVER 0.1


WEATHER CONDITIONS
THE FOLLOWING WEATHER WAS RECORDED YESTERDAY.
  LIGHT RAIN
  FOG


RELATIVE HUMIDITY (PERCENT)
 HIGHEST   100           200 AM
 LOWEST     27           300 PM
 AVERAGE    64

..........................................................


THE POPLAR BLUFF MO CLIMATE NORMALS FOR TODAY
                         NORMAL    RECORD    YEAR
 MAXIMUM TEMPERATURE (F)   79        94      1897
 MINIMUM TEMPERATURE (F)   55        38      1928


SUNRISE AND SUNSET
SEPTEMBER 26 2022.....SUNRISE   652 AM CDT   SUNSET   652 PM CDT
SEPTEMBER 27 2022.....SUNRISE   653 AM CDT   SUNSET   650 PM CDT


-  INDICATES NEGATIVE NUMBERS.
R  INDICATES RECORD WAS SET OR TIED.
MM INDICATES DATA IS MISSING.
T  INDICATES TRACE AMOUNT.




$$
