000
CDUS41 KALY 020624
CLIPOU

CLIMATE REPORT
NATIONAL WEATHER SERVICE ALBANY NY
224 AM EDT SUN OCT 02 2022

...................................

...THE POUGHKEEPSIE NY CLIMATE SUMMARY FOR OCTOBER 1 2022...

CLIMATE NORMAL PERIOD: 1991 TO 2020
CLIMATE RECORD PERIOD: 1931 TO 2022


WEATHER ITEM   OBSERVED TIME   RECORD YEAR NORMAL DEPARTURE LAST
                VALUE   (LST)  VALUE       VALUE  FROM      YEAR
                                                  NORMAL
...................................................................
TEMPERATURE (F)
 YESTERDAY
  MAXIMUM         64   4:16 PM  83    1954  69     -5       67
  MINIMUM         51   7:06 AM  28    1992  47      4       40
  AVERAGE         58                        58      0       54

PRECIPITATION (IN)
  YESTERDAY        0.02          2.31 1966   0.13  -0.11     0.00
  MONTH TO DATE    0.02                      0.13  -0.11     0.00
  SINCE SEP 1      4.72                      4.46   0.26     9.78
  SINCE JAN 1     25.22                     31.64  -6.42    35.27

DEGREE DAYS
 HEATING
  YESTERDAY        7                         8     -1       11
  MONTH TO DATE    7                         8     -1       11
  SINCE SEP 1     95                       115    -20       55
  SINCE JUL 1     95                       126    -31       61

 COOLING
  YESTERDAY        0                         1     -1        0
  MONTH TO DATE    0                         1     -1        0
  SINCE SEP 1     88                        75     13       80
  SINCE JAN 1    993                       739    254      900
...................................................................


WIND (MPH)
  HIGHEST WIND SPEED    18   HIGHEST WIND DIRECTION     N (20)
  HIGHEST GUST SPEED    24   HIGHEST GUST DIRECTION     N (20)
  AVERAGE WIND SPEED     6.9


SKY COVER
  AVERAGE SKY COVER 0.8


RELATIVE HUMIDITY (PERCENT)
 HIGHEST    93           8:00 AM
 LOWEST     48           6:00 PM
 AVERAGE    71

..........................................................


THE POUGHKEEPSIE NY CLIMATE NORMALS FOR TODAY
                         NORMAL    RECORD    YEAR
 MAXIMUM TEMPERATURE (F)   69        88      2019
 MINIMUM TEMPERATURE (F)   46        31      1958
                                             1960


SUNRISE AND SUNSET
OCTOBER  2 2022.......SUNRISE   6:53 AM EDT   SUNSET   6:36 PM EDT
OCTOBER  3 2022.......SUNRISE   6:54 AM EDT   SUNSET   6:34 PM EDT


-  INDICATES NEGATIVE NUMBERS.
R  INDICATES RECORD WAS SET OR TIED.
MM INDICATES DATA IS MISSING.
T  INDICATES TRACE AMOUNT.




$$
