000
CDUS46 KLOX 020849
CLIPRB

CLIMATE REPORT
NATIONAL WEATHER SERVICE LOS ANGELES/OXNARD
149 AM PDT SUN OCT 02 2022

...................................

...THE PASO ROBLES AIRPORT CA CLIMATE SUMMARY FOR OCTOBER 1 2022...

CLIMATE NORMAL PERIOD: 1991 TO 2020
CLIMATE RECORD PERIOD: 1948 TO 2022


WEATHER ITEM   OBSERVED TIME   RECORD YEAR NORMAL DEPARTURE LAST
                VALUE   (LST)  VALUE       VALUE  FROM      YEAR
                                                  NORMAL
...................................................................
TEMPERATURE (F)
 YESTERDAY
  MAXIMUM         72   1:34 PM 106    1980  86    -14       95
  MINIMUM         53   7:19 AM  32    1950  47      6       46
  AVERAGE         63                        66     -3       71

PRECIPITATION (IN)
  YESTERDAY        0.00          0.29 1976   0.01  -0.01     0.00
  MONTH TO DATE    0.00                      0.01  -0.01     0.00
  SINCE JUL 1      0.38                      0.16   0.22      T
  SINCE OCT 1      0.00                      0.01  -0.01     0.00
  SINCE JAN 1      1.96                      8.75  -6.79     5.75

SNOWFALL (IN)
  YESTERDAY       MM
  MONTH TO DATE   MM
  SINCE SEP 1     MM
  SINCE JUL 1     MM

DEGREE DAYS
 HEATING
  YESTERDAY        2                         2      0        0
  MONTH TO DATE    2                         2      0        0
  SINCE SEP 1      8                        22    -14        3
  SINCE JUL 1      8                        28    -20        3

 COOLING
  YESTERDAY        0                         3     -3        6
  MONTH TO DATE    0                         3     -3        6
  SINCE SEP 1    311                       173    138      242
  SINCE JAN 1   1382                       919    463     1274
...................................................................


WIND (MPH)
  HIGHEST WIND SPEED    24   HIGHEST WIND DIRECTION    SW (210)
  HIGHEST GUST SPEED    29   HIGHEST GUST DIRECTION    SW (210)
  AVERAGE WIND SPEED     9.1


SKY COVER
  POSSIBLE SUNSHINE  MM
  AVERAGE SKY COVER 0.2


WEATHER CONDITIONS
THE FOLLOWING WEATHER WAS RECORDED YESTERDAY.
  FOG


RELATIVE HUMIDITY (PERCENT)
 HIGHEST    97           4:00 AM
 LOWEST     51           1:00 PM
 AVERAGE    74

..........................................................


THE PASO ROBLES AIRPORT CA CLIMATE NORMALS FOR TODAY
                         NORMAL    RECORD    YEAR
 MAXIMUM TEMPERATURE (F)   85       105      2012
 MINIMUM TEMPERATURE (F)   47        35      1971
                                             2019


SUNRISE AND SUNSET
OCTOBER  2 2022.......SUNRISE   6:58 AM PDT   SUNSET   6:45 PM PDT
OCTOBER  3 2022.......SUNRISE   6:59 AM PDT   SUNSET   6:43 PM PDT


-  INDICATES NEGATIVE NUMBERS.
R  INDICATES RECORD WAS SET OR TIED.
MM INDICATES DATA IS MISSING.
T  INDICATES TRACE AMOUNT.




$$
