000
CDUS45 KFGZ 260721
CLIPRC

CLIMATE REPORT
NATIONAL WEATHER SERVICE FLAGSTAFF AZ
1221 AM MST MON SEP 26 2022

...................................

...THE PRESCOTT AZ AIRPORT CLIMATE SUMMARY FOR SEPTEMBER 25 2022...

CLIMATE NORMAL PERIOD 1991 TO 2020
CLIMATE RECORD PERIOD 1948 TO 2022


WEATHER ITEM   OBSERVED TIME   RECORD YEAR NORMAL DEPARTURE LAST
                VALUE   (LST)  VALUE       VALUE  FROM      YEAR
                                                  NORMAL
...................................................................
TEMPERATURE (F)
 YESTERDAY
  MAXIMUM         82    448 PM  90    2015  81      1       73
  MINIMUM         50    637 AM  36    2017  51     -1       57
  AVERAGE         66                        66      0       65

PRECIPITATION (IN)
  YESTERDAY        0.00          0.53 1964   0.03  -0.03      T
  MONTH TO DATE    1.84                      1.14   0.70     1.19
  SINCE OCT 1     13.04                     12.72   0.32    11.70
  SINCE JAN 1      9.81                     10.21  -0.40    11.49

DEGREE DAYS
 HEATING
  YESTERDAY        0                         2     -2        0
  MONTH TO DATE    1                        12    -11        0
  SINCE JUL 1      1                        13    -12        0

 COOLING
  YESTERDAY        1                         2     -1        0
  MONTH TO DATE  146                       130     16      166
  SINCE JAN 1   1096                      1051     45     1165
...................................................................


WIND (MPH)
  HIGHEST WIND SPEED    16   HIGHEST WIND DIRECTION    NE (30)
  HIGHEST GUST SPEED    19   HIGHEST GUST DIRECTION    NE (40)
  AVERAGE WIND SPEED     5.5


SKY COVER
  AVERAGE SKY COVER 0.0


WEATHER CONDITIONS
THE FOLLOWING WEATHER WAS RECORDED YESTERDAY.
  NO SIGNIFICANT WEATHER WAS OBSERVED.


RELATIVE HUMIDITY (PERCENT)
 HIGHEST    66
 LOWEST     14

..........................................................


THE PRESCOTT AZ AIRPORT CLIMATE NORMALS FOR TODAY
                         NORMAL    RECORD    YEAR
 MAXIMUM TEMPERATURE (F)   80        91      1956
 MINIMUM TEMPERATURE (F)   50        35      1970


SUNRISE AND SUNSET
SEPTEMBER 26 2022.....SUNRISE   621 AM MST   SUNSET   621 PM MST
SEPTEMBER 27 2022.....SUNRISE   621 AM MST   SUNSET   619 PM MST


-  INDICATES NEGATIVE NUMBERS.
R  INDICATES RECORD WAS SET OR TIED.
MM INDICATES DATA IS MISSING.
T  INDICATES TRACE AMOUNT.




$$
