000
CDUS46 KPDT 260828
CLIPSC

CLIMATE REPORT
NATIONAL WEATHER SERVICE PENDLETON, OR
128 AM PDT MON SEP 26 2022

...................................

...THE PASCO WA CLIMATE SUMMARY FOR SEPTEMBER 25 2022...

CLIMATE NORMAL PERIOD 1991 TO 2020
CLIMATE RECORD PERIOD 1894 TO 2022


WEATHER ITEM   OBSERVED TIME   RECORD YEAR NORMAL DEPARTURE LAST
                VALUE   (LST)  VALUE       VALUE  FROM      YEAR
                                                  NORMAL
...................................................................
TEMPERATURE (F)
 YESTERDAY
  MAXIMUM         84    417 PM  93    1942  77      7       91
  MINIMUM         45    620 AM  26    1926  45      0       46
  AVERAGE         65                        61      4       69

PRECIPITATION (IN)
  YESTERDAY        0.00          0.13 1998   0.01  -0.01     0.00
  MONTH TO DATE    0.09                      0.24  -0.15     0.10
  SINCE OCT 1      8.87                      7.55   1.32     3.87
  SINCE JAN 1      5.53                      4.99   0.54     1.77

DEGREE DAYS
 HEATING
  YESTERDAY        0                         5     -5        0
  MONTH TO DATE   10                        57    -47       35
  SINCE SEP 1     10                        57    -47       35
  SINCE JUL 1     10                        65    -55       41

 COOLING
  YESTERDAY        0                         1     -1        4
  MONTH TO DATE   91                        61     30       65
  SINCE SEP 1     91                        61     30       65
  SINCE JAN 1   1122                       783    339     1240
...................................................................


WIND (MPH)
  RESULTANT WIND SPEED   3   RESULTANT WIND DIRECTION   N (340)
  HIGHEST WIND SPEED    10   HIGHEST WIND DIRECTION     N (10)
  HIGHEST GUST SPEED    14   HIGHEST GUST DIRECTION     N (350)


SKY COVER
  POSSIBLE SUNSHINE  MM
  AVERAGE SKY COVER 0.0


WEATHER CONDITIONS
THE FOLLOWING WEATHER WAS RECORDED YESTERDAY.
  FOG
  HAZE


RELATIVE HUMIDITY (PERCENT)
 HIGHEST    97
 LOWEST     46
 AVERAGE    72

..........................................................


THE PASCO WA CLIMATE NORMALS FOR TODAY
                         NORMAL    RECORD    YEAR
 MAXIMUM TEMPERATURE (F)   77        92      1897
                                             1942
                                             1952
 MINIMUM TEMPERATURE (F)   45        25      1926


SUNRISE AND SUNSET
SEPTEMBER 26 2022.....SUNRISE   649 AM PDT   SUNSET   646 PM PDT
SEPTEMBER 27 2022.....SUNRISE   650 AM PDT   SUNSET   644 PM PDT


-  INDICATES NEGATIVE NUMBERS.
R  INDICATES RECORD WAS SET OR TIED.
MM INDICATES DATA IS MISSING.
T  INDICATES TRACE AMOUNT.




$$
