000
CDUS46 KSGX 260017
CLIPSP

CLIMATE REPORT
NATIONAL WEATHER SERVICE SAN DIEGO, CA
517 PM PDT SUN SEP 25 2022

...................................

...THE PALM SPRINGS INTL AIRPORT CA CLIMATE SUMMARY FOR SEPTEMBER 25 2022...
VALID TODAY AS OF 0400 PM LOCAL TIME.

CLIMATE NORMAL PERIOD: 1991 TO 2020
CLIMATE RECORD PERIOD: 1893 TO 2022


WEATHER ITEM   OBSERVED TIME   RECORD YEAR NORMAL DEPARTURE LAST
                VALUE   (LST)  VALUE       VALUE  FROM      YEAR
                                                  NORMAL
...................................................................
TEMPERATURE (F)
 TODAY
  MAXIMUM        109   1:03 PM 114    1947  99     10       94
  MINIMUM         81   4:54 AM  48    1941  72      9       73
  AVERAGE         95                        85     10       84

PRECIPITATION (IN)
  TODAY            0.00          1.58 1997   0.01  -0.01     0.00
  MONTH TO DATE    0.53                      0.22   0.31     0.04
  SINCE JUL 1      0.53                      0.61  -0.08     0.58
  SINCE OCT 1      2.06                      4.59  -2.53     1.44
  SINCE JAN 1      0.68                      3.48  -2.80     1.19

DEGREE DAYS
 HEATING
  TODAY            0                         0      0        0
  MONTH TO DATE    0                         0      0        0
  SINCE SEP 1      0                         0      0        0
  SINCE JUL 1      0                         0      0        0

 COOLING
  TODAY           30                        20     10       19
  MONTH TO DATE  626                       598     28      676
  SINCE SEP 1    626                       598     28      676
  SINCE JAN 1   4548                      3998    550     4428
...................................................................


WIND (MPH)
  RESULTANT WIND SPEED   1   RESULTANT WIND DIRECTION   W (270)
  HIGHEST WIND SPEED    13   HIGHEST WIND DIRECTION     S (190)
  HIGHEST GUST SPEED    16   HIGHEST GUST DIRECTION     W (270)
  AVERAGE WIND SPEED     4.0


SKY COVER
  POSSIBLE SUNSHINE  MM
  AVERAGE SKY COVER 0.0


WEATHER CONDITIONS
THE FOLLOWING WEATHER WAS RECORDED TODAY.
  THUNDERSTORM


RELATIVE HUMIDITY (PERCENT)
 HIGHEST    49           5:00 AM
 LOWEST     16           1:00 PM
 AVERAGE    33

..........................................................


THE PALM SPRINGS INTL AIRPORT CA CLIMATE NORMALS FOR TOMORROW
                         NORMAL    RECORD    YEAR
 MAXIMUM TEMPERATURE (F)   98       111      1947
                                             2009
                                             2010
 MINIMUM TEMPERATURE (F)   71        51      1941


SUNRISE AND SUNSET
SEPTEMBER 25 2022.....SUNRISE   6:36 AM PDT   SUNSET   6:38 PM PDT
SEPTEMBER 26 2022.....SUNRISE   6:37 AM PDT   SUNSET   6:37 PM PDT


-  INDICATES NEGATIVE NUMBERS.
R  INDICATES RECORD WAS SET OR TIED.
MM INDICATES DATA IS MISSING.
T  INDICATES TRACE AMOUNT.




$$
