000
CDUS44 KHGX 290721
CLIPSX

CLIMATE REPORT
NATIONAL WEATHER SERVICE HOUSTON/GALVESTON TX
221 AM CDT THU SEP 29 2022

...................................

...THE PALACIOS CLIMATE SUMMARY FOR SEPTEMBER 28 2022...

CLIMATE NORMAL PERIOD: 1991 TO 2020
CLIMATE RECORD PERIOD: 1943 TO 2022


WEATHER ITEM   OBSERVED TIME   RECORD YEAR NORMAL DEPARTURE LAST
                VALUE   (LST)  VALUE       VALUE  FROM      YEAR
                                                  NORMAL
...................................................................
TEMPERATURE (F)
 YESTERDAY
  MAXIMUM         88   2:04 PM  94    1949  88      0       89
  MINIMUM         59   5:48 AM  50    1967  70    -11       77
  AVERAGE         74                        79     -5       83

PRECIPITATION (IN)
  YESTERDAY        0.00          1.69 1999   0.18  -0.18      T
  MONTH TO DATE    1.27                      5.54  -4.27     1.72
  SINCE SEP 1      1.27                      5.54  -4.27     1.72
  SINCE JAN 1     21.33                     32.05 -10.72    49.74

SNOWFALL (IN)
  YESTERDAY        0.0
  MONTH TO DATE    0.0
  SINCE SEP 1      0.0
  SINCE JUL 1      0.0

DEGREE DAYS
 HEATING
  YESTERDAY        0                         0      0        0
  MONTH TO DATE    0                         0      0        0
  SINCE SEP 1      0                         0      0        0
  SINCE JUL 1      0                         0      0        0

 COOLING
  YESTERDAY        9                        14     -5       18
  MONTH TO DATE  461                       468     -7      441
  SINCE SEP 1    461                       468     -7      441
  SINCE JAN 1   3409                      3063    346     2859
...................................................................


WIND (MPH)
  HIGHEST WIND SPEED    21   HIGHEST WIND DIRECTION     E (70)
  HIGHEST GUST SPEED    28   HIGHEST GUST DIRECTION     E (80)
  AVERAGE WIND SPEED    10.1


WEATHER CONDITIONS
THE FOLLOWING WEATHER WAS RECORDED YESTERDAY.
  NO SIGNIFICANT WEATHER WAS OBSERVED.


RELATIVE HUMIDITY (PERCENT)
 HIGHEST    83
 LOWEST     30
 AVERAGE    57

..........................................................


THE PALACIOS CLIMATE NORMALS FOR TODAY
                         NORMAL    RECORD    YEAR
 MAXIMUM TEMPERATURE (F)   88        99      2005
 MINIMUM TEMPERATURE (F)   70        49      1967


SUNRISE AND SUNSET
SEPTEMBER 29 2022.....SUNRISE   7:17 AM CDT   SUNSET   7:13 PM CDT
SEPTEMBER 30 2022.....SUNRISE   7:18 AM CDT   SUNSET   7:12 PM CDT


-  INDICATES NEGATIVE NUMBERS.
R  INDICATES RECORD WAS SET OR TIED.
MM INDICATES DATA IS MISSING.
T  INDICATES TRACE AMOUNT.




$$
