000
CDUS45 KPUB 260958
CLIPUB

CLIMATE REPORT
NATIONAL WEATHER SERVICE
358 AM MDT MON SEP 26 2022

...................................

...THE PUEBLO CO CLIMATE SUMMARY FOR SEPTEMBER 25 2022...

CLIMATE NORMAL PERIOD 1991 TO 2020
CLIMATE RECORD PERIOD 1888 TO 2022


WEATHER ITEM   OBSERVED TIME   RECORD YEAR NORMAL DEPARTURE LAST
                VALUE   (LST)  VALUE       VALUE  FROM      YEAR
                                                  NORMAL
...................................................................
TEMPERATURE (F)
 YESTERDAY
  MAXIMUM         78    341 PM  98    2020  79     -1       86
  MINIMUM         50    558 AM  28    1995  46      4       44
                                      2000
  AVERAGE         64                        63      1       65

PRECIPITATION (IN)
  YESTERDAY        0.00          1.01 1915   0.02  -0.02     0.00
  MONTH TO DATE    0.49                      0.56  -0.07     0.89
  SINCE JAN 1      8.89                     10.41  -1.52    15.03

SNOWFALL (IN)
  YESTERDAY        0.0           0.0  2002   0.0    0.0      0.0
  MONTH TO DATE    0.0                       0.2   -0.2      0.0
  SINCE JUL 1      0.0                       0.2   -0.2       T
  SNOW DEPTH       0

DEGREE DAYS
 HEATING
  YESTERDAY        1                         4     -3        0
  MONTH TO DATE   25                        45    -20       15
  SINCE JUL 1     25                        49    -24       15

 COOLING
  YESTERDAY        0                         2     -2        0
  MONTH TO DATE  164                       112     52      165
  SINCE JAN 1   1339                      1067    272     1227
...................................................................


WIND (MPH)
  HIGHEST WIND SPEED    21   HIGHEST WIND DIRECTION     N (10)
  HIGHEST GUST SPEED    30   HIGHEST GUST DIRECTION     N (10)
  AVERAGE WIND SPEED     7.4


SKY COVER
  POSSIBLE SUNSHINE  MM
  AVERAGE SKY COVER 0.0


WEATHER CONDITIONS
THE FOLLOWING WEATHER WAS RECORDED YESTERDAY.
  NO SIGNIFICANT WEATHER WAS OBSERVED.


RELATIVE HUMIDITY (PERCENT)
 HIGHEST    47           700 AM
 LOWEST     21           300 PM
 AVERAGE    34

..........................................................


THE PUEBLO CO CLIMATE NORMALS FOR TODAY
                         NORMAL    RECORD    YEAR
 MAXIMUM TEMPERATURE (F)   79        96      2020
 MINIMUM TEMPERATURE (F)   45        31      1912


SUNRISE AND SUNSET
SEPTEMBER 26 2022.....SUNRISE   649 AM MDT   SUNSET   649 PM MDT
SEPTEMBER 27 2022.....SUNRISE   650 AM MDT   SUNSET   647 PM MDT


-  INDICATES NEGATIVE NUMBERS.
R  INDICATES RECORD WAS SET OR TIED.
MM INDICATES DATA IS MISSING.
T  INDICATES TRACE AMOUNT.




$$
