000
CDUS46 KOTX 300846
CLIPUW

CLIMATE REPORT
NATIONAL WEATHER SERVICE SPOKANE WA
146 AM PDT FRI SEP 30 2022

...................................

...THE PULLMAN_MOSCOW  AIRPORT CLIMATE SUMMARY FOR SEPTEMBER 29 2022...

CLIMATE NORMAL PERIOD 1991 TO 2020
CLIMATE RECORD PERIOD 9999 TO 9999


WEATHER ITEM   OBSERVED TIME   RECORD YEAR NORMAL DEPARTURE LAST
                VALUE   (LST)  VALUE       VALUE  FROM      YEAR
                                                  NORMAL
...................................................................
TEMPERATURE (F)
 YESTERDAY
  MAXIMUM         60   1215 AM  83    1993  68     -8       62
                                      1994
                                      2020
  MINIMUM         51    722 AM  20    1983  42      9       39
  AVERAGE         56                        55      1       51

PRECIPITATION (IN)
  YESTERDAY        1.25R         0.40 1893   0.04   1.21     0.00
  MONTH TO DATE    1.76                      0.62   1.14     0.82
  SINCE OCT 1     24.33                     17.50   6.83    15.81
  SINCE JAN 1     15.96                     11.56   4.40     8.53

SNOWFALL (IN)
  YESTERDAY       MM

DEGREE DAYS
 HEATING
  YESTERDAY        9                        10     -1       14
  MONTH TO DATE  114                       179    -65      159
  SINCE SEP 1    114                       179    -65      159
  SINCE JUL 1    137                       277   -140      218

 COOLING
  YESTERDAY        0                         0      0        0
  MONTH TO DATE   39                        32      7       24
  SINCE SEP 1     39                        32      7       24
  SINCE JAN 1    402                       282    120      557
...................................................................


WIND (MPH)
  HIGHEST WIND SPEED    16   HIGHEST WIND DIRECTION     W (280)
  HIGHEST GUST SPEED    22   HIGHEST GUST DIRECTION     W (280)
  AVERAGE WIND SPEED     5.8


SKY COVER
  POSSIBLE SUNSHINE  MM
  AVERAGE SKY COVER 1.0


WEATHER CONDITIONS
THE FOLLOWING WEATHER WAS RECORDED YESTERDAY.
  HEAVY RAIN
  RAIN
  LIGHT RAIN
  FOG


RELATIVE HUMIDITY (PERCENT)
 HIGHEST   100           600 AM
 LOWEST     51          1200 AM
 AVERAGE    76

..........................................................


THE PULLMAN_MOSCOW  AIRPORT CLIMATE NORMALS FOR TODAY
                         NORMAL    RECORD    YEAR
 MAXIMUM TEMPERATURE (F)   68        88      1989
 MINIMUM TEMPERATURE (F)   42        21      1983


SUNRISE AND SUNSET
SEPTEMBER 30 2022.....SUNRISE   646 AM PDT   SUNSET   630 PM PDT
OCTOBER  1 2022.......SUNRISE   647 AM PDT   SUNSET   628 PM PDT


-  INDICATES NEGATIVE NUMBERS.
R  INDICATES RECORD WAS SET OR TIED.
MM INDICATES DATA IS MISSING.
T  INDICATES TRACE AMOUNT.




$$
