000
CDUS41 KBOX 052123
CLIPVD

CLIMATE REPORT
NATIONAL WEATHER SERVICE BOSTON/NORTON MA
523 PM EDT WED OCT 05 2022

...................................

...THE PROVIDENCE RI CLIMATE SUMMARY FOR OCTOBER 5 2022...
VALID TODAY AS OF 0500 PM LOCAL TIME.

CLIMATE NORMAL PERIOD 1991 TO 2020
CLIMATE RECORD PERIOD 1904 TO 2022


WEATHER ITEM   OBSERVED TIME   RECORD YEAR NORMAL DEPARTURE LAST
                VALUE   (LST)  VALUE       VALUE  FROM      YEAR
                                                  NORMAL
...................................................................
TEMPERATURE (F)
 TODAY
  MAXIMUM         60   1222 PM  87    1922  68     -8       62
  MINIMUM         55    734 AM  31    1965  49      6       54
  AVERAGE         58                        58      0       58

PRECIPITATION (IN)
  TODAY            0.17          5.39 1962   0.14   0.03     0.13
  MONTH TO DATE    1.25                      0.68   0.57     1.67
  SINCE SEP 1      7.20                      4.85   2.35     6.85
  SINCE JAN 1     31.70                     35.12  -3.42    38.74

SNOWFALL (IN)
  TODAY            0.0           0.0  2007   0.0    0.0      0.0
                                      2008
                                      2009
  MONTH TO DATE    0.0                       0.0    0.0      0.0
  SINCE SEP 1      0.0                       0.0    0.0      0.0
  SINCE JUL 1      0.0                       0.0    0.0      0.0
  SNOW DEPTH       0

DEGREE DAYS
 HEATING
  TODAY            7                         7      0        7
  MONTH TO DATE   51                        33     18       23
  SINCE SEP 1    110                       104      6       37
  SINCE JUL 1    110                       109      1       44

 COOLING
  TODAY            0                         1     -1        0
  MONTH TO DATE    0                         5     -5        0
  SINCE SEP 1     71                        96    -25      120
  SINCE JAN 1   1021                       808    213      981
...................................................................


WIND (MPH)
  HIGHEST WIND SPEED    22   HIGHEST WIND DIRECTION     N (20)
  HIGHEST GUST SPEED    27   HIGHEST GUST DIRECTION     N (10)
  AVERAGE WIND SPEED    14.8


SKY COVER
  POSSIBLE SUNSHINE  MM
  AVERAGE SKY COVER 1.0


WEATHER CONDITIONS
THE FOLLOWING WEATHER WAS RECORDED TODAY.
  RAIN
  LIGHT RAIN
  FOG


RELATIVE HUMIDITY (PERCENT)
 HIGHEST    96           200 AM
 LOWEST     83          1100 AM
 AVERAGE    90

..........................................................


THE PROVIDENCE RI CLIMATE NORMALS FOR TOMORROW
                         NORMAL    RECORD    YEAR
 MAXIMUM TEMPERATURE (F)   67        88      1946
 MINIMUM TEMPERATURE (F)   49        29      1965
                                             1984


SUNRISE AND SUNSET
OCTOBER  5 2022.......SUNRISE   647 AM EDT   SUNSET   621 PM EDT
OCTOBER  6 2022.......SUNRISE   648 AM EDT   SUNSET   619 PM EDT


-  INDICATES NEGATIVE NUMBERS.
R  INDICATES RECORD WAS SET OR TIED.
MM INDICATES DATA IS MISSING.
T  INDICATES TRACE AMOUNT.




$$
