000
CDUS43 KLOT 020633
CLIPWK

CLIMATE REPORT
NATIONAL WEATHER SERVICE CHICAGO IL
133 AM CDT SUN OCT 02 2022

...................................

...THE CHICAGO EXECUTIVE AIRPORT CLIMATE SUMMARY FOR OCTOBER 1 2022...

CLIMATE NORMAL PERIOD: 1991 TO 2020
CLIMATE RECORD PERIOD: 1996 TO 2022


WEATHER ITEM   OBSERVED TIME   RECORD YEAR NORMAL DEPARTURE LAST
                VALUE   (LST)  VALUE       VALUE  FROM      YEAR
                                                  NORMAL
...................................................................
TEMPERATURE (F)
 YESTERDAY
  MAXIMUM         68  12:16 PM  88    2019  69     -1       86
  MINIMUM         47   3:43 AM  31    2003  50     -3       57
  AVERAGE         58                        60     -2       72

PRECIPITATION (IN)
  YESTERDAY        0.00          1.10 2018   0.12  -0.12     0.00
  MONTH TO DATE    0.00                      0.12  -0.12     0.00
  SINCE SEP 1      3.28                      3.16   0.12     1.43
  SINCE JAN 1     28.21                     25.50   2.71    16.37

DEGREE DAYS
 HEATING
  YESTERDAY        7                         7      0        0
  MONTH TO DATE    7                         7      0        0
  SINCE SEP 1     90                        89      1       14
  SINCE JUL 1     90                        96     -6       15

 COOLING
  YESTERDAY        0                         1     -1        7
  MONTH TO DATE    0                         1     -1        7
  SINCE SEP 1    135                       107     28      165
  SINCE JAN 1   1115                       921    194     1212
...................................................................


WIND (MPH)
  HIGHEST WIND SPEED    15   HIGHEST WIND DIRECTION     N (10)
  HIGHEST GUST SPEED    21   HIGHEST GUST DIRECTION    NE (60)
  AVERAGE WIND SPEED     6.6


WEATHER CONDITIONS
THE FOLLOWING WEATHER WAS RECORDED YESTERDAY.
  NO SIGNIFICANT WEATHER WAS OBSERVED.


RELATIVE HUMIDITY (PERCENT)
 HIGHEST    93           4:00 AM
 LOWEST     47           2:00 PM
 AVERAGE    70

..........................................................


THE CHICAGO EXECUTIVE AIRPORT CLIMATE NORMALS FOR TODAY
                         NORMAL    RECORD    YEAR
 MAXIMUM TEMPERATURE (F)   69        84      2005
                                             2017
 MINIMUM TEMPERATURE (F)   50        30      2003


SUNRISE AND SUNSET
OCTOBER  2 2022.......SUNRISE   6:50 AM CDT   SUNSET   6:31 PM CDT
OCTOBER  3 2022.......SUNRISE   6:51 AM CDT   SUNSET   6:30 PM CDT


-  INDICATES NEGATIVE NUMBERS.
R  INDICATES RECORD WAS SET OR TIED.
MM INDICATES DATA IS MISSING.
T  INDICATES TRACE AMOUNT.




$$
