000
CDUS46 KSGX 061011
CLIRAL

CLIMATE REPORT
NATIONAL WEATHER SERVICE SAN DIEGO, CA
311 AM PDT THU OCT 06 2022

...................................

...THE RIVERSIDE MUNI AIRPORT CA CLIMATE SUMMARY FOR OCTOBER 5 2022...

CLIMATE NORMAL PERIOD: 1991 TO 2020
CLIMATE RECORD PERIOD: 1893 TO 2022


WEATHER ITEM   OBSERVED TIME   RECORD YEAR NORMAL DEPARTURE LAST
                VALUE   (LST)  VALUE       VALUE  FROM      YEAR
                                                  NORMAL
...................................................................
TEMPERATURE (F)
 YESTERDAY
  MAXIMUM         91   1:30 PM 104    1943  85      6       83
  MINIMUM         63   6:28 AM  38    1916  58      5       61
  AVERAGE         77                        72      5       72

PRECIPITATION (IN)
  YESTERDAY        0.00          0.46 2011   0.01  -0.01     0.06
  MONTH TO DATE    0.00                      0.03  -0.03     0.06
  SINCE JUL 1      0.17                      0.29  -0.12     0.22
  SINCE OCT 1      0.00                      0.03  -0.03     0.06
  SINCE JAN 1      0.97                      7.01  -6.04     3.28

DEGREE DAYS
 HEATING
  YESTERDAY        0                         0      0        0
  MONTH TO DATE    0                         0      0        0
  SINCE SEP 1      0                         2     -2        0
  SINCE JUL 1      0                         2     -2        0

 COOLING
  YESTERDAY       12                         7      5        7
  MONTH TO DATE   51                        38     13       59
  SINCE SEP 1    560                       387    173      424
  SINCE JAN 1   2243                      1703    540     1924
...................................................................


WIND (MPH)
  RESULTANT WIND SPEED   4   RESULTANT WIND DIRECTION   W (270)
  HIGHEST WIND SPEED    16   HIGHEST WIND DIRECTION     W (270)
  HIGHEST GUST SPEED    22   HIGHEST GUST DIRECTION     W (280)
  AVERAGE WIND SPEED     5.0


SKY COVER
  POSSIBLE SUNSHINE  MM
  AVERAGE SKY COVER 0.0


WEATHER CONDITIONS
THE FOLLOWING WEATHER WAS RECORDED YESTERDAY.
  FOG
  HAZE


RELATIVE HUMIDITY (PERCENT)
 HIGHEST    90           5:00 AM
 LOWEST     38           2:00 PM
 AVERAGE    64

..........................................................


THE RIVERSIDE MUNI AIRPORT CA CLIMATE NORMALS FOR TODAY
                         NORMAL    RECORD    YEAR
 MAXIMUM TEMPERATURE (F)   85       104      1996
 MINIMUM TEMPERATURE (F)   58        39      1913


SUNRISE AND SUNSET
OCTOBER  6 2022.......SUNRISE   6:48 AM PDT   SUNSET   6:27 PM PDT
OCTOBER  7 2022.......SUNRISE   6:49 AM PDT   SUNSET   6:26 PM PDT


-  INDICATES NEGATIVE NUMBERS.
R  INDICATES RECORD WAS SET OR TIED.
MM INDICATES DATA IS MISSING.
T  INDICATES TRACE AMOUNT.




$$
