000
CDUS43 KUNR 020836
CLIRAP

CLIMATE REPORT
NATIONAL WEATHER SERVICE RAPID CITY SD
236 AM MDT SUN OCT 02 2022

...................................

...THE RAPID CITY AIRPORT SD CLIMATE SUMMARY FOR OCTOBER 1 2022...

CLIMATE NORMAL PERIOD 1991 TO 2020
CLIMATE RECORD PERIOD 1942 TO 2022


WEATHER ITEM   OBSERVED TIME   RECORD YEAR NORMAL DEPARTURE LAST
                VALUE   (LST)  VALUE       VALUE  FROM      YEAR
                                                  NORMAL
...................................................................
TEMPERATURE (F)
 YESTERDAY
  MAXIMUM         69    314 PM  94    2005  68      1       73
  MINIMUM         55   1044 PM  20    1985  40     15       42
  AVERAGE         62                        54      8       58

PRECIPITATION (IN)
  YESTERDAY        T             0.77 1977   0.05  -0.05     0.00
  MONTH TO DATE    T                         0.05  -0.05     0.00
  SINCE SEP 1      0.39                      1.27  -0.88     0.71
  SINCE JAN 1     14.74                     15.26  -0.52    12.81

DEGREE DAYS
 HEATING
  YESTERDAY        3                        11     -8        7
  MONTH TO DATE    3                        11     -8        7
  SINCE SEP 1     94                       186    -92       85
  SINCE JUL 1     94                       224   -130       97

 COOLING
  YESTERDAY        0                         0      0        0
  MONTH TO DATE    0                         0      0        0
  SINCE SEP 1    110                        62     48       87
  SINCE JAN 1    814                       604    210      830
...................................................................


WIND (MPH)
  HIGHEST WIND SPEED    26   HIGHEST WIND DIRECTION     N (350)
  HIGHEST GUST SPEED    35   HIGHEST GUST DIRECTION     N (350)
  AVERAGE WIND SPEED    12.9


SKY COVER
  AVERAGE SKY COVER 0.5


WEATHER CONDITIONS
THE FOLLOWING WEATHER WAS RECORDED YESTERDAY.
  NO SIGNIFICANT WEATHER WAS OBSERVED.


RELATIVE HUMIDITY (PERCENT)
 HIGHEST    87           700 AM
 LOWEST     57           400 PM
 AVERAGE    72

..........................................................


THE RAPID CITY AIRPORT SD CLIMATE NORMALS FOR TODAY
                         NORMAL    RECORD    YEAR
 MAXIMUM TEMPERATURE (F)   68        96      2011
 MINIMUM TEMPERATURE (F)   40        27      1950
                                             2009


SUNRISE AND SUNSET
OCTOBER  2 2022.......SUNRISE   651 AM MDT   SUNSET   631 PM MDT
OCTOBER  3 2022.......SUNRISE   652 AM MDT   SUNSET   629 PM MDT


-  INDICATES NEGATIVE NUMBERS.
R  INDICATES RECORD WAS SET OR TIED.
MM INDICATES DATA IS MISSING.
T  INDICATES TRACE AMOUNT.




$$
