000
CDUS46 KSTO 260850
CLIRDD

CLIMATE REPORT
NATIONAL WEATHER SERVICE SACRAMENTO
150 AM PDT MON SEP 26 2022

...................................

...THE REDDING CA AIRPORT AND CITY CLIMATE SUMMARY FOR SEPTEMBER 25 2022...

CLIMATE NORMAL PERIOD: 1991 TO 2020
CLIMATE RECORD PERIOD: 1893 TO 2022


WEATHER ITEM   OBSERVED TIME   RECORD YEAR NORMAL DEPARTURE LAST
                VALUE   (LST)  VALUE       VALUE  FROM      YEAR
                                                  NORMAL
...................................................................
TEMPERATURE (F)
 YESTERDAY
  MAXIMUM         99   3:19 PM 105    1964  89     10       91
  MINIMUM         58   6:17 AM  43    1920  56      2       58
                                      1923
                                      2007
  AVERAGE         79                        73      6       75

PRECIPITATION (IN)
  YESTERDAY        0.00          2.45 2014   0.02  -0.02     0.00
  MONTH TO DATE    0.91                      0.33   0.58     0.41
  SINCE OCT 1     19.75                     33.40 -13.65    14.22
  SINCE JAN 1      6.14                     21.64 -15.50    10.37

SNOWFALL (IN)
  YESTERDAY        0.0

DEGREE DAYS
 HEATING
  YESTERDAY        0                         0      0        0
  MONTH TO DATE    1                         0      1        0
  SINCE SEP 1      1                         0      1        0
  SINCE JUL 1      1                         0      1        0

 COOLING
  YESTERDAY       14                         8      6       10
  MONTH TO DATE  363                       275     88      328
  SINCE SEP 1    363                       275     88      328
  SINCE JAN 1   2254                      1904    350     2363
...................................................................


WIND (MPH)
  RESULTANT WIND SPEED   0   RESULTANT WIND DIRECTION   W (260)
  HIGHEST WIND SPEED    10   HIGHEST WIND DIRECTION    SE (150)
  HIGHEST GUST SPEED    14   HIGHEST GUST DIRECTION    SE (150)
  AVERAGE WIND SPEED     2.4


SKY COVER
  POSSIBLE SUNSHINE  MM
  AVERAGE SKY COVER 0.0


WEATHER CONDITIONS
THE FOLLOWING WEATHER WAS RECORDED YESTERDAY.
  NO SIGNIFICANT WEATHER WAS OBSERVED.


RELATIVE HUMIDITY (PERCENT)
 HIGHEST    69           6:00 AM
 LOWEST     13           2:00 PM
 AVERAGE    41

..........................................................


THE REDDING CA AIRPORT AND CITY CLIMATE NORMALS FOR TODAY
                         NORMAL    RECORD    YEAR
 MAXIMUM TEMPERATURE (F)   89       111      2009
 MINIMUM TEMPERATURE (F)   56        42      1923
                                             1984


SUNRISE AND SUNSET
SEPTEMBER 26 2022.....SUNRISE   7:01 AM PDT   SUNSET   6:59 PM PDT
SEPTEMBER 27 2022.....SUNRISE   7:02 AM PDT   SUNSET   6:58 PM PDT


-  INDICATES NEGATIVE NUMBERS.
R  INDICATES RECORD WAS SET OR TIED.
MM INDICATES DATA IS MISSING.
T  INDICATES TRACE AMOUNT.




$$
