000
CDUS41 KPHI 010608
CLIRDG

CLIMATE REPORT
NATIONAL WEATHER SERVICE MOUNT HOLLY NJ
208 AM EDT SAT OCT 01 2022

...................................

...THE READING PA CLIMATE SUMMARY FOR SEPTEMBER 30 2022...

CLIMATE NORMAL PERIOD: 1991 TO 2020
CLIMATE RECORD PERIOD: 1869 TO 2022


WEATHER ITEM   OBSERVED TIME   RECORD YEAR NORMAL DEPARTURE LAST
                VALUE   (LST)  VALUE       VALUE  FROM      YEAR
                                                  NORMAL
...................................................................
TEMPERATURE (F)
 YESTERDAY
  MAXIMUM         62   2:53 PM  88    1953  72    -10       69
  MINIMUM         47   4:24 AM  32    1993  51     -4       53
  AVERAGE         55                        61     -6       61

PRECIPITATION (IN)
  YESTERDAY        T             5.15 2010   0.15  -0.15     0.00
  MONTH TO DATE    4.60                      4.88  -0.28     8.22
  SINCE SEP 1      4.60                      4.88  -0.28     8.22
  SINCE JAN 1     31.96                     34.88  -2.92    37.14

DEGREE DAYS
 HEATING
  YESTERDAY       10                         5      5        4
  MONTH TO DATE   49                        59    -10       17
  SINCE SEP 1     49                        59    -10       17
  SINCE JUL 1     49                        62    -13       17

 COOLING
  YESTERDAY        0                         1     -1        0
  MONTH TO DATE  145                       115     30      141
  SINCE SEP 1    145                       115     30      141
  SINCE JAN 1   1327                      1039    288     1291
...................................................................


WIND (MPH)
  HIGHEST WIND SPEED    13   HIGHEST WIND DIRECTION    NE (30)
  HIGHEST GUST SPEED    16   HIGHEST GUST DIRECTION    NE (50)
  AVERAGE WIND SPEED     6.9


SKY COVER
  POSSIBLE SUNSHINE  MM
  AVERAGE SKY COVER 0.1


WEATHER CONDITIONS
THE FOLLOWING WEATHER WAS RECORDED YESTERDAY.
  LIGHT RAIN


RELATIVE HUMIDITY (PERCENT)
 HIGHEST    83           3:00 AM
 LOWEST     53           6:00 PM
 AVERAGE    68

..........................................................


THE READING PA CLIMATE NORMALS FOR TODAY
                         NORMAL    RECORD    YEAR
 MAXIMUM TEMPERATURE (F)   71        92      1986
 MINIMUM TEMPERATURE (F)   51        32      1899
                                             1993


SUNRISE AND SUNSET
OCTOBER  1 2022.......SUNRISE   7:00 AM EDT   SUNSET   6:46 PM EDT
OCTOBER  2 2022.......SUNRISE   7:01 AM EDT   SUNSET   6:44 PM EDT


-  INDICATES NEGATIVE NUMBERS.
R  INDICATES RECORD WAS SET OR TIED.
MM INDICATES DATA IS MISSING.
T  INDICATES TRACE AMOUNT.




$$
