000
CDUS46 KPDT 290836
CLIRDM

CLIMATE REPORT
NATIONAL WEATHER SERVICE PENDLETON, OR
136 AM PDT THU SEP 29 2022

...................................

...THE REDMOND OR CLIMATE SUMMARY FOR SEPTEMBER 28 2022...

CLIMATE NORMAL PERIOD 1991 TO 2020
CLIMATE RECORD PERIOD 1949 TO 2022


WEATHER ITEM   OBSERVED TIME   RECORD YEAR NORMAL DEPARTURE LAST
                VALUE   (LST)  VALUE       VALUE  FROM      YEAR
                                                  NORMAL
...................................................................
TEMPERATURE (F)
 YESTERDAY
  MAXIMUM         78    153 PM  93    1967  74      4       59
  MINIMUM         47   1134 PM  22    1999  37     10       35
  AVERAGE         63                        56      7       47

PRECIPITATION (IN)
  YESTERDAY        0.00          0.31 2013   0.01  -0.01     0.00
  MONTH TO DATE    0.20                      0.34  -0.14     1.02
  SINCE OCT 1      7.24                      8.43  -1.19     5.49
  SINCE JAN 1      4.51                      5.97  -1.46     3.45

DEGREE DAYS
 HEATING
  YESTERDAY        2                        10     -8       18
  MONTH TO DATE  118                       173    -55      151
  SINCE SEP 1    118                       173    -55      151
  SINCE JUL 1    122                       270   -148      209

 COOLING
  YESTERDAY        0                         0      0        0
  MONTH TO DATE   46                        31     15       22
  SINCE SEP 1     46                        31     15       22
  SINCE JAN 1    569                       317    252      615
...................................................................


WIND (MPH)
  RESULTANT WIND SPEED   2   RESULTANT WIND DIRECTION   W (270)
  HIGHEST WIND SPEED    22   HIGHEST WIND DIRECTION     S (200)
  HIGHEST GUST SPEED    28   HIGHEST GUST DIRECTION     S (190)
  AVERAGE WIND SPEED     4.9


SKY COVER
  POSSIBLE SUNSHINE  MM
  AVERAGE SKY COVER 0.4


WEATHER CONDITIONS
THE FOLLOWING WEATHER WAS RECORDED YESTERDAY.
  NO SIGNIFICANT WEATHER WAS OBSERVED.


RELATIVE HUMIDITY (PERCENT)
 HIGHEST    74          1100 PM
 LOWEST     24           100 PM
 AVERAGE    49

..........................................................


THE REDMOND OR CLIMATE NORMALS FOR TODAY
                         NORMAL    RECORD    YEAR
 MAXIMUM TEMPERATURE (F)   73        91      2006
                                             2020
 MINIMUM TEMPERATURE (F)   37        20      1983


SUNRISE AND SUNSET
SEPTEMBER 29 2022.....SUNRISE   700 AM PDT   SUNSET   649 PM PDT
SEPTEMBER 30 2022.....SUNRISE   701 AM PDT   SUNSET   647 PM PDT


-  INDICATES NEGATIVE NUMBERS.
R  INDICATES RECORD WAS SET OR TIED.
MM INDICATES DATA IS MISSING.
T  INDICATES TRACE AMOUNT.




$$
