000
CDUS42 KRAH 290526
CLIRDU

CLIMATE REPORT
NATIONAL WEATHER SERVICE RALEIGH NC
126 AM EDT THU SEP 29 2022

...................................

...THE RALEIGH NC CLIMATE SUMMARY FOR SEPTEMBER 28 2022...

CLIMATE NORMAL PERIOD 1991 TO 2020
CLIMATE RECORD PERIOD 1887 TO 2022


WEATHER ITEM   OBSERVED TIME   RECORD YEAR NORMAL DEPARTURE LAST
                VALUE   (LST)  VALUE       VALUE  FROM      YEAR
                                                  NORMAL
...................................................................
TEMPERATURE (F)
 YESTERDAY
  MAXIMUM         72    257 PM  95    1998  79     -7       87
  MINIMUM         47    520 AM  38    1947  58    -11       59
  AVERAGE         60                        68     -8       73

PRECIPITATION (IN)
  YESTERDAY        0.00          2.17 1999   0.17  -0.17     0.00
  MONTH TO DATE    1.35                      4.82  -3.47     2.86
  SINCE SEP 1      1.35                      4.82  -3.47     2.86
  SINCE JAN 1     31.52                     35.66  -4.14    35.34

DEGREE DAYS
 HEATING
  YESTERDAY        5                         1      4        0
  MONTH TO DATE   12                         9      3        2
  SINCE SEP 1     12                         9      3        2
  SINCE JUL 1     12                         9      3        2

 COOLING
  YESTERDAY        0                         5     -5        8
  MONTH TO DATE  289                       233     56      237
  SINCE SEP 1    289                       233     56      237
  SINCE JAN 1   2067                      1729    338     1735
...................................................................


WIND (MPH)
  HIGHEST WIND SPEED    13   HIGHEST WIND DIRECTION    NE (30)
  HIGHEST GUST SPEED    18   HIGHEST GUST DIRECTION     N (20)
  AVERAGE WIND SPEED     5.8


SKY COVER
  POSSIBLE SUNSHINE  MM
  AVERAGE SKY COVER 0.8


WEATHER CONDITIONS
THE FOLLOWING WEATHER WAS RECORDED YESTERDAY.
  NO SIGNIFICANT WEATHER WAS OBSERVED.


RELATIVE HUMIDITY (PERCENT)
 HIGHEST    77           500 AM
 LOWEST     28           200 PM
 AVERAGE    53

..........................................................


THE RALEIGH NC CLIMATE NORMALS FOR TODAY
                         NORMAL    RECORD    YEAR
 MAXIMUM TEMPERATURE (F)   79        95      2019
 MINIMUM TEMPERATURE (F)   58        39      1942
                                             1970


SUNRISE AND SUNSET
SEPTEMBER 29 2022.....SUNRISE   709 AM EDT   SUNSET   702 PM EDT
SEPTEMBER 30 2022.....SUNRISE   709 AM EDT   SUNSET   700 PM EDT


-  INDICATES NEGATIVE NUMBERS.
R  INDICATES RECORD WAS SET OR TIED.
MM INDICATES DATA IS MISSING.
T  INDICATES TRACE AMOUNT.

&&

CLIMATE REPORT
NWS FORECAST OFFICE
NCSU CENTENNIAL CAMPUS
RALEIGH, NC

MAXIMUM TEMPERATURE... 70

MINIMUM TEMPERATURE... 52

PRECIPITATION... 0.00


$$
