000
CDUS46 KBOI 020930
CLIREO

CLIMATE REPORT
NATIONAL WEATHER SERVICE BOISE ID
330 AM MDT SUN OCT 02 2022

...................................

...THE ROME OR CLIMATE SUMMARY FOR OCTOBER 1 2022...

CLIMATE NORMAL PERIOD 1991 TO 2020
CLIMATE RECORD PERIOD 9999 TO 9999


WEATHER ITEM   OBSERVED TIME   NORMAL DEPARTURE LAST
                VALUE   (LST)  VALUE  FROM      YEAR
                                      NORMAL
.......................................................
TEMPERATURE (F)
 YESTERDAY
  MAXIMUM         71    516 PM  74     -3       74
  MINIMUM         33    655 AM  37     -4       33
  AVERAGE         52            56     -4       54

PRECIPITATION (IN)
  YESTERDAY        0.00          0.02  -0.02     0.00
  MONTH TO DATE    0.00          0.02  -0.02     0.00
  SINCE OCT 1      0.00          0.02  -0.02     0.00
  SINCE JAN 1      4.21          6.16  -1.95     5.96

DEGREE DAYS
 HEATING
  YESTERDAY       13            10      3       11
  MONTH TO DATE   13            10      3       11
  SINCE SEP 1     92           157    -65      117
  SINCE JUL 1     92           182    -90      129

 COOLING
  YESTERDAY        0             0      0        0
  MONTH TO DATE    0             0      0        0
  SINCE SEP 1    123            59     64       59
  SINCE JAN 1   1004           656    348     1016
.......................................................


WIND (MPH)
  HIGHEST WIND SPEED    10   HIGHEST WIND DIRECTION     N (360)
  HIGHEST GUST SPEED    16   HIGHEST GUST DIRECTION     N (20)
  AVERAGE WIND SPEED     4.8


SKY COVER
  AVERAGE SKY COVER 0.0


WEATHER CONDITIONS
THE FOLLOWING WEATHER WAS RECORDED YESTERDAY.
  NO SIGNIFICANT WEATHER WAS OBSERVED.


RELATIVE HUMIDITY (PERCENT)
 HIGHEST    88           700 AM
 LOWEST     26           500 PM
 AVERAGE    57

..........................................................


THE ROME OR CLIMATE NORMALS FOR TODAY
                         NORMAL




SUNRISE AND SUNSET
OCTOBER  2 2022.......SUNRISE   750 AM MDT   SUNSET   731 PM MDT
OCTOBER  3 2022.......SUNRISE   751 AM MDT   SUNSET   729 PM MDT


-  INDICATES NEGATIVE NUMBERS.
R  INDICATES RECORD WAS SET OR TIED.
MM INDICATES DATA IS MISSING.
T  INDICATES TRACE AMOUNT.




$$
