000
CDUS43 KLOT 290657
CLIRFD

CLIMATE REPORT
NATIONAL WEATHER SERVICE CHICAGO IL
157 AM CDT THU SEP 29 2022

...................................

...THE ROCKFORD IL CLIMATE SUMMARY FOR SEPTEMBER 28 2022...

CLIMATE NORMAL PERIOD: 1991 TO 2020
CLIMATE RECORD PERIOD: 1905 TO 2022


WEATHER ITEM   OBSERVED TIME   RECORD YEAR NORMAL DEPARTURE LAST
                VALUE   (LST)  VALUE       VALUE  FROM      YEAR
                                                  NORMAL
...................................................................
TEMPERATURE (F)
 YESTERDAY
  MAXIMUM         61   3:56 PM  91    1952  71    -10       82
  MINIMUM         39  11:31 PM  24    1942  48     -9       52
  AVERAGE         50                        60    -10       67

PRECIPITATION (IN)
  YESTERDAY        0.00          2.15 1999   0.09  -0.09     0.00
  MONTH TO DATE    5.84                      3.43   2.41     0.53
  SINCE SEP 1      5.84                      3.43   2.41     0.53
  SINCE JAN 1     33.93                     30.22   3.71    16.03

SNOWFALL (IN)
  YESTERDAY        0.0           0.0    MM   0.0    0.0      0.0
  MONTH TO DATE    0.0                       0.0    0.0      0.0
  SINCE SEP 1      0.0                       0.0    0.0      0.0
  SINCE JUL 1      0.0                       0.0    0.0      0.0
  SNOW DEPTH       0

DEGREE DAYS
 HEATING
  YESTERDAY       15                         7      8        0
  MONTH TO DATE   87                        91     -4       18
  SINCE SEP 1     87                        91     -4       18
  SINCE JUL 1     89                       102    -13       18

 COOLING
  YESTERDAY        0                         1     -1        2
  MONTH TO DATE  103                        86     17      128
  SINCE SEP 1    103                        86     17      128
  SINCE JAN 1    971                       825    146     1188
...................................................................


WIND (MPH)
  HIGHEST WIND SPEED    14   HIGHEST WIND DIRECTION     N (350)
  HIGHEST GUST SPEED    19   HIGHEST GUST DIRECTION     N (10)
  AVERAGE WIND SPEED     6.0


SKY COVER
  AVERAGE SKY COVER 0.1


WEATHER CONDITIONS
THE FOLLOWING WEATHER WAS RECORDED YESTERDAY.
  NO SIGNIFICANT WEATHER WAS OBSERVED.


RELATIVE HUMIDITY (PERCENT)
 HIGHEST    93          11:00 PM
 LOWEST     37           4:00 PM
 AVERAGE    65

..........................................................


THE ROCKFORD IL CLIMATE NORMALS FOR TODAY
                         NORMAL    RECORD    YEAR
 MAXIMUM TEMPERATURE (F)   70        94      1953
 MINIMUM TEMPERATURE (F)   48        28      1949


SUNRISE AND SUNSET
SEPTEMBER 29 2022.....SUNRISE   6:51 AM CDT   SUNSET   6:41 PM CDT
SEPTEMBER 30 2022.....SUNRISE   6:52 AM CDT   SUNSET   6:40 PM CDT


-  INDICATES NEGATIVE NUMBERS.
R  INDICATES RECORD WAS SET OR TIED.
MM INDICATES DATA IS MISSING.
T  INDICATES TRACE AMOUNT.




$$
