000
CDUS43 KGRB 010627
CLIRHI

CLIMATE REPORT
NATIONAL WEATHER SERVICE GREEN BAY
127 AM CDT SAT OCT 01 2022

...................................

...THE RHINELANDER WI CLIMATE SUMMARY FOR SEPTEMBER 30 2022...

CLIMATE NORMAL PERIOD: 1991 TO 2020
CLIMATE RECORD PERIOD: 1908 TO 2022


WEATHER ITEM   OBSERVED TIME   RECORD YEAR NORMAL DEPARTURE LAST
                VALUE   (LST)  VALUE       VALUE  FROM      YEAR
                                                  NORMAL
...................................................................
TEMPERATURE (F)
 YESTERDAY
  MAXIMUM         67   2:45 PM  84    1922  63      4       81
  MINIMUM         33   6:01 AM  21    1918  39     -6       42
  AVERAGE         50                        51     -1       62

PRECIPITATION (IN)
  YESTERDAY        0.00          2.45 1971   0.11  -0.11     0.00
  MONTH TO DATE    1.42                      3.48  -2.06     2.61
  SINCE SEP 1      1.42                      3.48  -2.06     2.61
  SINCE JAN 1     23.55                     23.73  -0.18    26.70

SNOWFALL (IN)
  YESTERDAY        0.0           0.5  1908                   0.0
                                      1985
                                      1985
  MONTH TO DATE    0.0                                       0.0
  SINCE SEP 1      0.0                                       0.0
  SINCE JUL 1      0.0                                       0.0
  SNOW DEPTH       0

DEGREE DAYS
 HEATING
  YESTERDAY       15                        14      1        3
  MONTH TO DATE  254                       272    -18      206
  SINCE SEP 1    254                       272    -18      206
  SINCE JUL 1    320                       397    -77      268

 COOLING
  YESTERDAY        0                         0      0        0
  MONTH TO DATE   29                        25      4        5
  SINCE SEP 1     29                        25      4        5
  SINCE JAN 1    296                       280     16      318
...................................................................


WIND (MPH)
  HIGHEST WIND SPEED    12   HIGHEST WIND DIRECTION     W (250)
  HIGHEST GUST SPEED    17   HIGHEST GUST DIRECTION    SW (210)
  AVERAGE WIND SPEED     2.4


SKY COVER
  POSSIBLE SUNSHINE  MM
  AVERAGE SKY COVER 0.0


WEATHER CONDITIONS
THE FOLLOWING WEATHER WAS RECORDED YESTERDAY.
  FOG


RELATIVE HUMIDITY (PERCENT)
 HIGHEST    96           5:00 AM
 LOWEST     33           3:00 PM
 AVERAGE    65

..........................................................


THE RHINELANDER WI CLIMATE NORMALS FOR TODAY
                         NORMAL    RECORD    YEAR
 MAXIMUM TEMPERATURE (F)   62        92      1976
 MINIMUM TEMPERATURE (F)   39        24      1920
                                             2003


SUNRISE AND SUNSET
OCTOBER  1 2022.......SUNRISE   6:56 AM CDT   SUNSET   6:38 PM CDT
OCTOBER  2 2022.......SUNRISE   6:57 AM CDT   SUNSET   6:36 PM CDT


-  INDICATES NEGATIVE NUMBERS.
R  INDICATES RECORD WAS SET OR TIED.
MM INDICATES DATA IS MISSING.
T  INDICATES TRACE AMOUNT.




$$
