000
CDUS41 KAKQ 260532
CLIRIC

CLIMATE REPORT
NATIONAL WEATHER SERVICE WAKEFIELD VA
132 AM EDT MON SEP 26 2022

...................................

...THE RICHMOND VA CLIMATE SUMMARY FOR SEPTEMBER 25 2022...

CLIMATE NORMAL PERIOD: 1991 TO 2020
CLIMATE RECORD PERIOD: 1871 TO 2022


WEATHER ITEM   OBSERVED TIME   RECORD YEAR NORMAL DEPARTURE LAST
                VALUE   (LST)  VALUE       VALUE  FROM      YEAR
                                                  NORMAL
...................................................................
TEMPERATURE (F)
 YESTERDAY
  MAXIMUM         88   1:15 PM  95    1930  78     10       78
  MINIMUM         55   6:01 AM  37    1963  58     -3       53
  AVERAGE         72                        68      4       66

PRECIPITATION (IN)
  YESTERDAY        0.38          1.66 1947   0.13   0.25     0.00
  MONTH TO DATE    0.76                      3.88  -3.12     5.79
  SINCE SEP 1      0.76                      3.88  -3.12     5.79
  SINCE JAN 1     28.47                     34.81  -6.34    39.87

SNOWFALL (IN)
  YESTERDAY        0.0           0.0  2001   0.0    0.0
                                      2002
  MONTH TO DATE    0.0                       0.0    0.0
  SINCE SEP 1      0.0                       0.0    0.0
  SINCE JUL 1      0.0                       0.0    0.0
  SNOW DEPTH       0

DEGREE DAYS
 HEATING
  YESTERDAY        0                         1     -1        0
  MONTH TO DATE    4                         9     -5        0
  SINCE SEP 1      4                         9     -5        0
  SINCE JUL 1      4                         9     -5        0

 COOLING
  YESTERDAY        7                         4      3        1
  MONTH TO DATE  255                       187     68      225
  SINCE SEP 1    255                       187     68      225
  SINCE JAN 1   1726                      1497    229     1664
...................................................................


WIND (MPH)
  HIGHEST WIND SPEED    40   HIGHEST WIND DIRECTION     W (280)
  HIGHEST GUST SPEED    52   HIGHEST GUST DIRECTION     W (270)
  AVERAGE WIND SPEED    10.9


SKY COVER
  POSSIBLE SUNSHINE  MM
  AVERAGE SKY COVER 0.6


WEATHER CONDITIONS
THE FOLLOWING WEATHER WAS RECORDED YESTERDAY.
  THUNDERSTORM
  HEAVY RAIN
  RAIN
  LIGHT RAIN
  FOG


RELATIVE HUMIDITY (PERCENT)
 HIGHEST    93           4:00 PM
 LOWEST     35          12:00 PM
 AVERAGE    64

..........................................................


THE RICHMOND VA CLIMATE NORMALS FOR TODAY
                         NORMAL    RECORD    YEAR
 MAXIMUM TEMPERATURE (F)   78        96      1930
 MINIMUM TEMPERATURE (F)   57        40      1967


SUNRISE AND SUNSET
SEPTEMBER 26 2022.....SUNRISE   7:01 AM EDT   SUNSET   7:00 PM EDT
SEPTEMBER 27 2022.....SUNRISE   7:01 AM EDT   SUNSET   6:58 PM EDT


-  INDICATES NEGATIVE NUMBERS.
R  INDICATES RECORD WAS SET OR TIED.
MM INDICATES DATA IS MISSING.
T  INDICATES TRACE AMOUNT.




$$
