000
CDUS45 KRIW 010748
CLIRIW

CLIMATE REPORT
NATIONAL WEATHER SERVICE RIVERTON WY
148 AM MDT SAT OCT 01 2022

...................................

...THE RIVERTON WY CLIMATE SUMMARY FOR SEPTEMBER 30 2022...

CLIMATE NORMAL PERIOD: 1991 TO 2020
CLIMATE RECORD PERIOD: 1995 TO 2022


WEATHER ITEM   OBSERVED TIME   RECORD YEAR NORMAL DEPARTURE LAST
                VALUE   (LST)  VALUE       VALUE  FROM      YEAR
                                                  NORMAL
...................................................................
TEMPERATURE (F)
 YESTERDAY
  MAXIMUM         65   4:10 PM  81    2005  66     -1       59
  MINIMUM         48   7:14 AM  30    2021  39      9       30
  AVERAGE         57                        52      5       45

PRECIPITATION (IN)
  YESTERDAY        0.15          0.35        0.03   0.12     0.00
  MONTH TO DATE    1.14                      0.77   0.37     0.46
  SINCE SEP 1      1.14                      0.77   0.37     0.46
  SINCE JAN 1      7.54                      7.13   0.41     7.05

SNOWFALL (IN)
  YESTERDAY        0.0           1.2  2009                   0.0
  MONTH TO DATE    0.0                                       0.0
  SINCE SEP 1      0.0                                       0.0
  SINCE JUL 1      0.0                                        T
  SNOW DEPTH       0

DEGREE DAYS
 HEATING
  YESTERDAY        8                        13     -5       20
  MONTH TO DATE  111                       205    -94      120
  SINCE SEP 1    111                       205    -94      120
  SINCE JUL 1    112                       241   -129      147

 COOLING
  YESTERDAY        0                         0      0        0
  MONTH TO DATE   96                        31     65       50
  SINCE SEP 1     96                        31     65       50
  SINCE JAN 1    703                       499    204      707
...................................................................


WIND (MPH)
  HIGHEST WIND SPEED    24   HIGHEST WIND DIRECTION    NW (300)
  HIGHEST GUST SPEED    32   HIGHEST GUST DIRECTION    NW (320)
  AVERAGE WIND SPEED     9.4


SKY COVER
  POSSIBLE SUNSHINE  MM
  AVERAGE SKY COVER 0.6


WEATHER CONDITIONS
THE FOLLOWING WEATHER WAS RECORDED YESTERDAY.
  THUNDERSTORM
  RAIN
  LIGHT RAIN
  FOG


RELATIVE HUMIDITY (PERCENT)
 HIGHEST   100           5:00 AM
 LOWEST     46           4:00 PM
 AVERAGE    73

..........................................................


THE RIVERTON WY CLIMATE NORMALS FOR TODAY
                         NORMAL    RECORD    YEAR
 MAXIMUM TEMPERATURE (F)   66        84      2005
 MINIMUM TEMPERATURE (F)   38        30      2002


SUNRISE AND SUNSET
OCTOBER  1 2022.......SUNRISE   7:11 AM MDT   SUNSET   6:55 PM MDT
OCTOBER  2 2022.......SUNRISE   7:12 AM MDT   SUNSET   6:53 PM MDT


-  INDICATES NEGATIVE NUMBERS.
R  INDICATES RECORD WAS SET OR TIED.
MM INDICATES DATA IS MISSING.
T  INDICATES TRACE AMOUNT.




$$
