000
CDUS45 KRIW 060731
CLIRKS

CLIMATE REPORT
NATIONAL WEATHER SERVICE RIVERTON WY
131 AM MDT THU OCT 06 2022

...................................

...THE ROCK SPRINGS WY CLIMATE SUMMARY FOR OCTOBER 5 2022...

CLIMATE NORMAL PERIOD: 1991 TO 2020
CLIMATE RECORD PERIOD: 1948 TO 2022


WEATHER ITEM   OBSERVED TIME   RECORD YEAR NORMAL DEPARTURE LAST
                VALUE   (LST)  VALUE       VALUE  FROM      YEAR
                                                  NORMAL
...................................................................
TEMPERATURE (F)
 YESTERDAY
  MAXIMUM         65   4:32 PM  76    1975  62      3       74
  MINIMUM         39   6:41 AM  19    2013  37      2       42
  AVERAGE         52                        49      3

PRECIPITATION (IN)
  YESTERDAY        0.00          0.40 2009   0.03  -0.03      T
  MONTH TO DATE    0.01                      0.15  -0.14      T
  SINCE SEP 1      0.63                      0.94  -0.31     0.37
  SINCE JAN 1      3.85                      6.18  -2.33     3.40

DEGREE DAYS
 HEATING
  YESTERDAY       13                        16     -3        7
  MONTH TO DATE   67                        76     -9       52
  SINCE SEP 1    211                       318   -107      231
  SINCE JUL 1    216                       377   -161      273

 COOLING
  YESTERDAY        0                         0      0        0
  MONTH TO DATE    0                         0      0        0
  SINCE SEP 1     68                        11     57       14
  SINCE JAN 1    537                       320    217      527
...................................................................


WIND (MPH)
  HIGHEST WIND SPEED    17   HIGHEST WIND DIRECTION    NE (60)
  HIGHEST GUST SPEED    23   HIGHEST GUST DIRECTION    NE (30)
  AVERAGE WIND SPEED     4.6


SKY COVER
  POSSIBLE SUNSHINE  MM
  AVERAGE SKY COVER 0.0


WEATHER CONDITIONS
THE FOLLOWING WEATHER WAS RECORDED YESTERDAY.
  NO SIGNIFICANT WEATHER WAS OBSERVED.


RELATIVE HUMIDITY (PERCENT)
 HIGHEST    76           7:00 AM
 LOWEST     27           5:00 PM
 AVERAGE    52

..........................................................


THE ROCK SPRINGS WY CLIMATE NORMALS FOR TODAY
                         NORMAL    RECORD    YEAR
 MAXIMUM TEMPERATURE (F)   61        78      1975
 MINIMUM TEMPERATURE (F)   36        19      2000


SUNRISE AND SUNSET
OCTOBER  6 2022.......SUNRISE   7:19 AM MDT   SUNSET   6:49 PM MDT
OCTOBER  7 2022.......SUNRISE   7:20 AM MDT   SUNSET   6:48 PM MDT


-  INDICATES NEGATIVE NUMBERS.
R  INDICATES RECORD WAS SET OR TIED.
MM INDICATES DATA IS MISSING.
T  INDICATES TRACE AMOUNT.




$$
