000
CDUS42 KFFC 060817
CLIRMG

CLIMATE REPORT
NATIONAL WEATHER SERVICE PEACHTREE CITY GA
417 AM EDT THU OCT 06 2022

...................................

...THE ROME  CLIMATE SUMMARY FOR OCTOBER 5 2022...

CLIMATE NORMAL PERIOD: 1991 TO 2020
CLIMATE RECORD PERIOD: 9999 TO 9999


WEATHER ITEM   OBSERVED TIME   RECORD YEAR NORMAL DEPARTURE LAST
                VALUE   (LST)  VALUE       VALUE  FROM      YEAR
                                                  NORMAL
...................................................................
TEMPERATURE (F)
 YESTERDAY
  MAXIMUM         79   3:39 PM  MM      MM  79      0       75
  MINIMUM         43   5:41 AM  MM      MM  55    -12       68
  AVERAGE         61                        67     -6       72

PRECIPITATION (IN)
  YESTERDAY        0.00         MM      MM   0.13  -0.13     0.00
  MONTH TO DATE    0.00                      0.66  -0.66     1.15
  SINCE SEP 1      4.91                      4.08   0.83     7.44
  SINCE JAN 1     40.52                     38.42   2.10    53.68

SNOWFALL (IN)
  YESTERDAY       MM            MM      MM  MM     MM       MM
  MONTH TO DATE   MM                         0.0   MM       MM
  SINCE SEP 1      0.0                      MM     MM        0.0
  SINCE JUL 1      0.0                      MM     MM        0.0
  SNOW DEPTH      MM

DEGREE DAYS
 HEATING
  YESTERDAY        4                         2      2        0
  MONTH TO DATE    6                         8     -2        0
  SINCE SEP 1     20                        16      4        3
  SINCE JUL 1     20                        16      4        3

 COOLING
  YESTERDAY        0                         4     -4        7
  MONTH TO DATE    1                        22    -21       44
  SINCE SEP 1    263                       293    -30      305
  SINCE JAN 1   2072                      1794    278     1848
...................................................................


WIND (MPH)
  RESULTANT WIND SPEED   2   RESULTANT WIND DIRECTION   N (340)
  HIGHEST WIND SPEED    15   HIGHEST WIND DIRECTION    NW (320)
  HIGHEST GUST SPEED    20   HIGHEST GUST DIRECTION    NW (320)
  AVERAGE WIND SPEED     3.4


SKY COVER
  AVERAGE SKY COVER 0.0


WEATHER CONDITIONS
THE FOLLOWING WEATHER WAS RECORDED YESTERDAY.
  NO SIGNIFICANT WEATHER WAS OBSERVED.


RELATIVE HUMIDITY (PERCENT)
 HIGHEST    93          12:00 AM
 LOWEST     24           2:00 PM
 AVERAGE    59

..........................................................


THE ROME  CLIMATE NORMALS FOR TODAY
                         NORMAL    RECORD    YEAR
 MAXIMUM TEMPERATURE (F)   79        MM        MM
 MINIMUM TEMPERATURE (F)   54        MM        MM


SUNRISE AND SUNSET
OCTOBER  6 2022.......SUNRISE   7:39 AM EDT   SUNSET   7:18 PM EDT
OCTOBER  7 2022.......SUNRISE   7:40 AM EDT   SUNSET   7:17 PM EDT


-  INDICATES NEGATIVE NUMBERS.
R  INDICATES RECORD WAS SET OR TIED.
MM INDICATES DATA IS MISSING.
T  INDICATES TRACE AMOUNT.




$$
