000
CDUS41 KRNK 290656
CLIRNK

CLIMATE REPORT
NATIONAL WEATHER SERVICE BLACKSBURG, VA
256 AM EDT THU SEP 29 2022

...................................

...THE BLACKSBURG VA CLIMATE SUMMARY FOR SEPTEMBER 28 2022...

CLIMATE NORMAL PERIOD: 1991 TO 2020
CLIMATE RECORD PERIOD: 1893 TO 2022


WEATHER ITEM   OBSERVED RECORD YEAR NORMAL DEPARTURE LAST
                VALUE   VALUE       VALUE  FROM      YEAR
                                           NORMAL
............................................................
TEMPERATURE (F)
 YESTERDAY
  MAXIMUM         65     88    2019  72     -7       77
  MINIMUM         37     31    1940  48    -11       52
  AVERAGE         51                 60     -9       65

PRECIPITATION (IN)
  YESTERDAY        0.00   4.26 2004   0.14  -0.14     0.00
  MONTH TO DATE    3.21               3.18   0.03     5.97
  SINCE SEP 1      3.21               3.18   0.03     5.97
  SINCE JAN 1     35.02              33.31   1.71    37.93

SNOWFALL (IN)
  YESTERDAY        0.0                0.0    0.0      0.0
  MONTH TO DATE    0.0                0.0    0.0      0.0
  SINCE SEP 1      0.0                0.0    0.0      0.0
  SINCE JUL 1      0.0                0.0    0.0      0.0
  SNOW DEPTH       0

DEGREE DAYS
 HEATING
  YESTERDAY       14                  6      8        0
  MONTH TO DATE   58                 76    -18       54
  SINCE SEP 1     58                 76    -18       54
  SINCE JUL 1     62                 91    -29       56

 COOLING
  YESTERDAY        0                  1     -1        0
  MONTH TO DATE   72                 68      4       71
  SINCE SEP 1     72                 68      4       71
  SINCE JAN 1    805                610    195      785
............................................................


WIND (MPH)
  RESULTANT WIND SPEED   4   RESULTANT WIND DIRECTION  NW (330)
  HIGHEST WIND SPEED    16   HIGHEST WIND DIRECTION    NW (330)
  HIGHEST GUST SPEED    20   HIGHEST GUST DIRECTION    NW (320)
  AVERAGE WIND SPEED     4.7


SKY COVER
  AVERAGE SKY COVER 0.0


WEATHER CONDITIONS
THE FOLLOWING WEATHER WAS RECORDED YESTERDAY.
  NO SIGNIFICANT WEATHER WAS OBSERVED.


RELATIVE HUMIDITY (PERCENT)
 HIGHEST   100          12:00 AM
 LOWEST     38           3:00 PM
 AVERAGE    69

..........................................................


THE BLACKSBURG VA CLIMATE NORMALS FOR TODAY
                         NORMAL    RECORD    YEAR
 MAXIMUM TEMPERATURE (F)   71        91      1953
 MINIMUM TEMPERATURE (F)   48        27      1942


SUNRISE AND SUNSET
SEPTEMBER 29 2022.....SUNRISE   7:15 AM EDT   SUNSET   7:08 PM EDT
SEPTEMBER 30 2022.....SUNRISE   7:16 AM EDT   SUNSET   7:06 PM EDT


-  INDICATES NEGATIVE NUMBERS.
R  INDICATES RECORD WAS SET OR TIED.
MM INDICATES DATA IS MISSING.
T  INDICATES TRACE AMOUNT.




$$
