000
CDUS46 KSGX 061011
CLIRNM

CLIMATE REPORT
NATIONAL WEATHER SERVICE SAN DIEGO, CA
311 AM PDT THU OCT 06 2022

...................................

...THE RAMONA AIRPORT CA CLIMATE SUMMARY FOR OCTOBER 5 2022...

CLIMATE NORMAL PERIOD: 1991 TO 2020
CLIMATE RECORD PERIOD: 1974 TO 2022


WEATHER ITEM   OBSERVED TIME   RECORD YEAR NORMAL DEPARTURE LAST
                VALUE   (LST)  VALUE       VALUE  FROM      YEAR
                                                  NORMAL
...................................................................
TEMPERATURE (F)
 YESTERDAY
  MAXIMUM         88  12:50 PM  98    2020  82      6       76
  MINIMUM         56   6:07 AM  39    1974  51      5       56
  AVERAGE         72                        66      6       66

PRECIPITATION (IN)
  YESTERDAY        0.00          0.42 2011   0.02  -0.02     0.42
                                      2021
  MONTH TO DATE    0.00                      0.06  -0.06     0.48
  SINCE JUL 1      0.98                      0.35   0.63     1.52
  SINCE OCT 1      0.00                      0.06  -0.06     0.48
  SINCE JAN 1      4.87                     10.88  -6.01     7.04

DEGREE DAYS
 HEATING
  YESTERDAY        0                         2     -2        0
  MONTH TO DATE    0                         6     -6        0
  SINCE SEP 1      0                        17    -17        5
  SINCE JUL 1      0                        19    -19        5

 COOLING
  YESTERDAY        7                         3      4        1
  MONTH TO DATE   33                        17     16       23
  SINCE SEP 1    381                       213    168      220
  SINCE JAN 1   1330                       905    425      969
...................................................................


WIND (MPH)
  RESULTANT WIND SPEED   5   RESULTANT WIND DIRECTION   W (290)
  HIGHEST WIND SPEED    14   HIGHEST WIND DIRECTION    NW (310)
  HIGHEST GUST SPEED    22   HIGHEST GUST DIRECTION    NW (300)
  AVERAGE WIND SPEED     4.6


SKY COVER
  POSSIBLE SUNSHINE  MM
  AVERAGE SKY COVER 0.2


WEATHER CONDITIONS
THE FOLLOWING WEATHER WAS RECORDED YESTERDAY.
  FOG
  FOG W/VISIBILITY <= 1/4 MILE


RELATIVE HUMIDITY (PERCENT)
 HIGHEST    97          10:00 PM
 LOWEST     45           1:00 PM
 AVERAGE    71

..........................................................


THE RAMONA AIRPORT CA CLIMATE NORMALS FOR TODAY
                         NORMAL    RECORD    YEAR
 MAXIMUM TEMPERATURE (F)   82        98      2017
 MINIMUM TEMPERATURE (F)   51        35      1974


SUNRISE AND SUNSET
OCTOBER  6 2022.......SUNRISE   6:45 AM PDT   SUNSET   6:25 PM PDT
OCTOBER  7 2022.......SUNRISE   6:46 AM PDT   SUNSET   6:24 PM PDT


-  INDICATES NEGATIVE NUMBERS.
R  INDICATES RECORD WAS SET OR TIED.
MM INDICATES DATA IS MISSING.
T  INDICATES TRACE AMOUNT.




$$
